{"id":45747,"date":"2023-12-12T10:49:43","date_gmt":"2023-12-12T09:49:43","guid":{"rendered":"https:\/\/pet-shopping.de\/shop\/produkt\/trixie-ohrenpflege-50-ml\/"},"modified":"2023-12-12T10:49:43","modified_gmt":"2023-12-12T09:49:43","slug":"trixie-ohrenpflege-50-ml","status":"publish","type":"product","link":"https:\/\/all-pets.de\/shop\/produkt\/trixie-ohrenpflege-50-ml\/","title":{"rendered":"Trixie Ohrenpflege &#8211; 50 ml"},"content":{"rendered":"<p>Diese Ohrenpflege ist ein bew\u00e4hrtes Ohrreinigungsmittel f\u00fcr Hunde, Katzen und andere Kleintiere. Besonders bei Hunden mit Schlappohren besteht die Gefahr, dass sich Schmutz ansammelt.<\/p>\n<p>Da dieser nicht vom Hund alleine entfernt werden kann, ist eine Reinigung mit Hilfe des Menschen erforderlich. Hierbei wird das Ohr gleichzeitig gepflegt und desodoriert. Pro Care Ohrenpflege reinigt und pflegt die Ohren auf sanfte Weise. Die regelm\u00e4\u00dfige Anwendung bietet sicheren Schutz vor Ohrverschmutzung und deren Folgen wie Ohrjucken.<\/p>\n<ul>\n<li>reinigt und pflegt die Ohren<\/li>\n<li>wirkt selbst reinigend und desodorierend<\/li>\n<li>mit Spezialtropfer zur einfachen Anwendung<\/li>\n<li>Inhalt: 50 ml<\/li>\n<\/ul>\n<p> <span style=\"weight: bold\">Anwendung:<\/span><br \/> Bei Verschmutzung oder Ohrenschmalz einige Tropfen Ohrenpflege in die Ohrmuschel eintr\u00e4ufeln. Die Ohren nicht reibend reinigen, sondern mit etwas Watte den \u00e4u\u00dferen Geh\u00f6rgang, soweit sichtbar, vorsichtig austupfen. Eine regelm\u00e4\u00dfige Anwendung bietet sicheren Schutz.<\/p>\n","protected":false},"excerpt":{"rendered":"<p>Diese Ohrenpflege ist ein bew\u00e4hrtes Ohrreinigungsmittel f\u00fcr Hunde, Katzen und andere Kleintiere. Besonders bei Hunden mit Schlappohren besteht die Gefahr, dass sich Schmutz ansammelt. Da dieser nicht vom Hund alleine entfernt werden kann, ist eine Reinigung mit Hilfe des Menschen erforderlich. Hierbei wird das Ohr gleichzeitig gepflegt und desodoriert. Pro Care Ohrenpflege reinigt und pflegt [&hellip;]<\/p>\n","protected":false},"featured_media":25906,"comment_status":"closed","ping_status":"open","template":"","meta":[],"product_cat":[14155],"product_tag":[],"class_list":{"0":"post-45747","1":"product","2":"type-product","3":"status-publish","4":"has-post-thumbnail","6":"product_cat-pflegeprodukte-pflege-gesundheit-hygiene-reinigungkleintierwelt-augen-ohrenpflegekleintierwelt-pflege-gesundheit-augen-ohrenpflegekatzenwelt-pflege-gesundheit-hundewelt","8":"first","9":"instock","10":"taxable","11":"shipping-taxable","12":"purchasable","13":"product-type-simple"},"_links":{"self":[{"href":"https:\/\/all-pets.de\/shop\/wp-json\/wp\/v2\/product\/45747","targetHints":{"allow":["GET"]}}],"collection":[{"href":"https:\/\/all-pets.de\/shop\/wp-json\/wp\/v2\/product"}],"about":[{"href":"https:\/\/all-pets.de\/shop\/wp-json\/wp\/v2\/types\/product"}],"replies":[{"embeddable":true,"href":"https:\/\/all-pets.de\/shop\/wp-json\/wp\/v2\/comments?post=45747"}],"wp:featuredmedia":[{"embeddable":true,"href":"https:\/\/all-pets.de\/shop\/wp-json\/wp\/v2\/media\/25906"}],"wp:attachment":[{"href":"https:\/\/all-pets.de\/shop\/wp-json\/wp\/v2\/media?parent=45747"}],"wp:term":[{"taxonomy":"product_cat","embeddable":true,"href":"https:\/\/all-pets.de\/shop\/wp-json\/wp\/v2\/product_cat?post=45747"},{"taxonomy":"product_tag","embeddable":true,"href":"https:\/\/all-pets.de\/shop\/wp-json\/wp\/v2\/product_tag?post=45747"}],"curies":[{"name":"wp","href":"https:\/\/api.w.org\/{rel}","templated":true}]}}