{"id":45748,"date":"2023-12-12T10:49:43","date_gmt":"2023-12-12T09:49:43","guid":{"rendered":"https:\/\/pet-shopping.de\/shop\/produkt\/trixie-zahnpflege-spray-50-ml\/"},"modified":"2023-12-12T10:49:43","modified_gmt":"2023-12-12T09:49:43","slug":"trixie-zahnpflege-spray-50-ml","status":"publish","type":"product","link":"https:\/\/all-pets.de\/shop\/produkt\/trixie-zahnpflege-spray-50-ml\/","title":{"rendered":"Trixie Zahnpflege-Spray &#8211; 50 ml"},"content":{"rendered":"<p>Das Zahnpflegespray mit Fluorid reinigt und pflegt die Z\u00e4hne und h\u00e4lt den Atem Ihres Hundes angenehm frisch. Es beugt au\u00dferdem Zahnstein vor.<\/p>\n<p>Das Zahnpflegespray ist ein Pumpspray und wird einfach auf die Z\u00e4hne gespr\u00fcht.<\/p>\n<p> Inhaltsstoffe: Deionised water, Propylene Glycol, Sodium Fluoride, Citric acid, Sodium Benzoate, Disodium EDTA, Menthol.<\/p>\n<p><\/p>\n","protected":false},"excerpt":{"rendered":"<p>Das Zahnpflegespray mit Fluorid reinigt und pflegt die Z\u00e4hne und h\u00e4lt den Atem Ihres Hundes angenehm frisch. Es beugt au\u00dferdem Zahnstein vor. Das Zahnpflegespray ist ein Pumpspray und wird einfach auf die Z\u00e4hne gespr\u00fcht. Inhaltsstoffe: Deionised water, Propylene Glycol, Sodium Fluoride, Citric acid, Sodium Benzoate, Disodium EDTA, Menthol.<\/p>\n","protected":false},"featured_media":25908,"comment_status":"closed","ping_status":"open","template":"","meta":[],"product_cat":[13710],"product_tag":[],"class_list":{"0":"post-45748","1":"product","2":"type-product","3":"status-publish","4":"has-post-thumbnail","6":"product_cat-zahnpflege","8":"first","9":"instock","10":"taxable","11":"shipping-taxable","12":"purchasable","13":"product-type-simple"},"_links":{"self":[{"href":"https:\/\/all-pets.de\/shop\/wp-json\/wp\/v2\/product\/45748","targetHints":{"allow":["GET"]}}],"collection":[{"href":"https:\/\/all-pets.de\/shop\/wp-json\/wp\/v2\/product"}],"about":[{"href":"https:\/\/all-pets.de\/shop\/wp-json\/wp\/v2\/types\/product"}],"replies":[{"embeddable":true,"href":"https:\/\/all-pets.de\/shop\/wp-json\/wp\/v2\/comments?post=45748"}],"wp:featuredmedia":[{"embeddable":true,"href":"https:\/\/all-pets.de\/shop\/wp-json\/wp\/v2\/media\/25908"}],"wp:attachment":[{"href":"https:\/\/all-pets.de\/shop\/wp-json\/wp\/v2\/media?parent=45748"}],"wp:term":[{"taxonomy":"product_cat","embeddable":true,"href":"https:\/\/all-pets.de\/shop\/wp-json\/wp\/v2\/product_cat?post=45748"},{"taxonomy":"product_tag","embeddable":true,"href":"https:\/\/all-pets.de\/shop\/wp-json\/wp\/v2\/product_tag?post=45748"}],"curies":[{"name":"wp","href":"https:\/\/api.w.org\/{rel}","templated":true}]}}