{"id":45750,"date":"2023-12-12T10:49:43","date_gmt":"2023-12-12T09:49:43","guid":{"rendered":"https:\/\/pet-shopping.de\/shop\/produkt\/trixie-finger-zahnbuerstenset-2-stueck\/"},"modified":"2023-12-12T10:49:43","modified_gmt":"2023-12-12T09:49:43","slug":"trixie-finger-zahnbuerstenset-2-stueck","status":"publish","type":"product","link":"https:\/\/all-pets.de\/shop\/produkt\/trixie-finger-zahnbuerstenset-2-stueck\/","title":{"rendered":"Trixie Finger-Zahnb\u00fcrstenset &#8211; 2 St\u00fcck"},"content":{"rendered":"<div id=\"test_product_longdesc\">\n<div>Dieses Finger-Zahnb\u00fcrstenset f\u00fcr Z\u00e4hne und Zahnfleisch des Herstellers Trixie sorgt f\u00fcr eine verbesserte Maulhygiene bei Hunden und Katzen.<\/div>\n<div>Es besteht aus einer Zahnb\u00fcrste und einer Massageb\u00fcrste f\u00fcr das Zahnfleisch. <\/p>\n<\/div>\n<p>Farben k\u00f6nnen von der Abbildung abweichen. <\/p>\n<p>\u00a0<\/p>\n<\/div>\n","protected":false},"excerpt":{"rendered":"<p>Dieses Finger-Zahnb\u00fcrstenset f\u00fcr Z\u00e4hne und Zahnfleisch des Herstellers Trixie sorgt f\u00fcr eine verbesserte Maulhygiene bei Hunden und Katzen. Es besteht aus einer Zahnb\u00fcrste und einer Massageb\u00fcrste f\u00fcr das Zahnfleisch. Farben k\u00f6nnen von der Abbildung abweichen. \u00a0<\/p>\n","protected":false},"featured_media":25912,"comment_status":"closed","ping_status":"open","template":"","meta":[],"product_cat":[14156],"product_tag":[],"class_list":{"0":"post-45750","1":"product","2":"type-product","3":"status-publish","4":"has-post-thumbnail","6":"product_cat-zahnpflege-pflege-gesundheit-zahnpflegekatzenwelt","8":"first","9":"instock","10":"taxable","11":"shipping-taxable","12":"purchasable","13":"product-type-simple"},"_links":{"self":[{"href":"https:\/\/all-pets.de\/shop\/wp-json\/wp\/v2\/product\/45750","targetHints":{"allow":["GET"]}}],"collection":[{"href":"https:\/\/all-pets.de\/shop\/wp-json\/wp\/v2\/product"}],"about":[{"href":"https:\/\/all-pets.de\/shop\/wp-json\/wp\/v2\/types\/product"}],"replies":[{"embeddable":true,"href":"https:\/\/all-pets.de\/shop\/wp-json\/wp\/v2\/comments?post=45750"}],"wp:featuredmedia":[{"embeddable":true,"href":"https:\/\/all-pets.de\/shop\/wp-json\/wp\/v2\/media\/25912"}],"wp:attachment":[{"href":"https:\/\/all-pets.de\/shop\/wp-json\/wp\/v2\/media?parent=45750"}],"wp:term":[{"taxonomy":"product_cat","embeddable":true,"href":"https:\/\/all-pets.de\/shop\/wp-json\/wp\/v2\/product_cat?post=45750"},{"taxonomy":"product_tag","embeddable":true,"href":"https:\/\/all-pets.de\/shop\/wp-json\/wp\/v2\/product_tag?post=45750"}],"curies":[{"name":"wp","href":"https:\/\/api.w.org\/{rel}","templated":true}]}}