{"id":45751,"date":"2023-12-12T10:49:43","date_gmt":"2023-12-12T09:49:43","guid":{"rendered":"https:\/\/pet-shopping.de\/shop\/produkt\/trixie-repellent-gelee-fernhaltemittel-460-g\/"},"modified":"2024-09-02T15:55:18","modified_gmt":"2024-09-02T13:55:18","slug":"trixie-repellent-gelee-fernhaltemittel-460-g","status":"publish","type":"product","link":"https:\/\/all-pets.de\/shop\/produkt\/trixie-repellent-gelee-fernhaltemittel-460-g\/","title":{"rendered":"Trixie Repellent Gelee &#8211; Fernhaltemittel, 460 g"},"content":{"rendered":"<p>Da Tiere sich selbst Ihre &#8222;Toilette&#8220; suchen, kann es vorkommen, dass diese an einem Ort ist, an dem der Geruch als st\u00f6rend empfunden wird. Noch \u00e4rgerlicher ist es, fremde Hunde oder Katzenhaufen auf dem Gehweg, vor dem Haus oder auf dem Rasen vorzufinden. Um dieses \u00c4rgernis zu beseitigen, gibt es Fernhaltemittel. Leider ben\u00f6tigen Tiere etwa 10 bis 14 Tage, um sich eine neue &#8222;Toilette&#8220; zu suchen. Deshalb ist es m\u00f6glich, dass das Tier trotz des unangehnehmen Geruchs des Fernhaltemittels die behandelte Stelle\u00a0weiter kurzfristig aussucht. Wichtig ist, das das Fernhaltemittel kontinuirlich angewendet wird und nach starken Regen die entsprechnenden Stellen ggf. nachbehandelt werden, um einen f\u00fcr den Hund bzw.die Katze andauernd unangenehmen Geruch gew\u00e4hrleisten zu k\u00f6nnen.<\/p>\n<ul>\n<li>h\u00e4lt Hunde und Katzen von den behandelten Orten fern<\/li>\n<li>f\u00fcr die Au\u00dfenanwendung<\/li>\n<li>wird vom Regen nicht weggesp\u00fclt<\/li>\n<li>460 g reichen f\u00fcr ca. 50 m<\/li>\n<\/ul>\n<p>Bei diesem Artikel handelt es sich um ein in Deutschland registriertes Biozid-Produkt. Der Vertrieb in anderen L\u00e4ndern bedarf der vorherigen Pr\u00fcfung durch den jeweiligen Importeur. Biozidprodukte vorsichtig verwenden. Vor Gebrauch stets Etikett und Produktinformationen lesen.<\/p>\n","protected":false},"excerpt":{"rendered":"<p>Da Tiere sich selbst Ihre &#8222;Toilette&#8220; suchen, kann es vorkommen, dass diese an einem Ort ist, an dem der Geruch als st\u00f6rend empfunden wird. Noch \u00e4rgerlicher ist es, fremde Hunde oder Katzenhaufen auf dem Gehweg, vor dem Haus oder auf dem Rasen vorzufinden. Um dieses \u00c4rgernis zu beseitigen, gibt es Fernhaltemittel. Leider ben\u00f6tigen Tiere etwa [&hellip;]<\/p>\n","protected":false},"featured_media":25916,"comment_status":"closed","ping_status":"open","template":"","meta":[],"product_cat":[14159],"product_tag":[],"class_list":{"0":"post-45751","1":"product","2":"type-product","3":"status-publish","4":"has-post-thumbnail","6":"product_cat-fernhaltemittel","8":"first","9":"instock","10":"taxable","11":"shipping-taxable","12":"purchasable","13":"product-type-simple"},"_links":{"self":[{"href":"https:\/\/all-pets.de\/shop\/wp-json\/wp\/v2\/product\/45751","targetHints":{"allow":["GET"]}}],"collection":[{"href":"https:\/\/all-pets.de\/shop\/wp-json\/wp\/v2\/product"}],"about":[{"href":"https:\/\/all-pets.de\/shop\/wp-json\/wp\/v2\/types\/product"}],"replies":[{"embeddable":true,"href":"https:\/\/all-pets.de\/shop\/wp-json\/wp\/v2\/comments?post=45751"}],"wp:featuredmedia":[{"embeddable":true,"href":"https:\/\/all-pets.de\/shop\/wp-json\/wp\/v2\/media\/25916"}],"wp:attachment":[{"href":"https:\/\/all-pets.de\/shop\/wp-json\/wp\/v2\/media?parent=45751"}],"wp:term":[{"taxonomy":"product_cat","embeddable":true,"href":"https:\/\/all-pets.de\/shop\/wp-json\/wp\/v2\/product_cat?post=45751"},{"taxonomy":"product_tag","embeddable":true,"href":"https:\/\/all-pets.de\/shop\/wp-json\/wp\/v2\/product_tag?post=45751"}],"curies":[{"name":"wp","href":"https:\/\/api.w.org\/{rel}","templated":true}]}}