{"id":45758,"date":"2023-12-12T10:49:43","date_gmt":"2023-12-12T09:49:43","guid":{"rendered":"https:\/\/pet-shopping.de\/shop\/produkt\/trixie-2-gefuellte-kaurollen-mit-pansengeschmack\/"},"modified":"2023-12-12T10:49:44","modified_gmt":"2023-12-12T09:49:44","slug":"trixie-2-gefuellte-kaurollen-mit-pansengeschmack","status":"publish","type":"product","link":"https:\/\/all-pets.de\/shop\/produkt\/trixie-2-gefuellte-kaurollen-mit-pansengeschmack\/","title":{"rendered":"Trixie 2 gef\u00fcllte Kaurollen mit Pansengeschmack"},"content":{"rendered":"<p>Diese Kaurollen des Herstellers Trixie bestehen aus Rinderhaut und haben eine schmackhafte Pansenf\u00fcllung.<\/p>\n<p>Zusammensetzung: Fleisch und tierische Nebenerzeugnisse, Milch und Molkereierzeugnisse,\u00d6le und Fette, Zucker, planzliche Nebenerzeugnisse<\/p>\n<p>Gr\u00f6\u00dfe: 12 cm<\/p>\n<p>Inhalt: 2 St\u00fcck \/ 45g<\/p>\n","protected":false},"excerpt":{"rendered":"<p>Diese Kaurollen des Herstellers Trixie bestehen aus Rinderhaut und haben eine schmackhafte Pansenf\u00fcllung. Zusammensetzung: Fleisch und tierische Nebenerzeugnisse, Milch und Molkereierzeugnisse,\u00d6le und Fette, Zucker, planzliche Nebenerzeugnisse Gr\u00f6\u00dfe: 12 cm Inhalt: 2 St\u00fcck \/ 45g<\/p>\n","protected":false},"featured_media":25948,"comment_status":"closed","ping_status":"open","template":"","meta":[],"product_cat":[13809],"product_tag":[],"class_list":{"0":"post-45758","1":"product","2":"type-product","3":"status-publish","4":"has-post-thumbnail","6":"product_cat-trixie","8":"first","9":"instock","10":"taxable","11":"shipping-taxable","12":"purchasable","13":"product-type-simple"},"_links":{"self":[{"href":"https:\/\/all-pets.de\/shop\/wp-json\/wp\/v2\/product\/45758","targetHints":{"allow":["GET"]}}],"collection":[{"href":"https:\/\/all-pets.de\/shop\/wp-json\/wp\/v2\/product"}],"about":[{"href":"https:\/\/all-pets.de\/shop\/wp-json\/wp\/v2\/types\/product"}],"replies":[{"embeddable":true,"href":"https:\/\/all-pets.de\/shop\/wp-json\/wp\/v2\/comments?post=45758"}],"wp:featuredmedia":[{"embeddable":true,"href":"https:\/\/all-pets.de\/shop\/wp-json\/wp\/v2\/media\/25948"}],"wp:attachment":[{"href":"https:\/\/all-pets.de\/shop\/wp-json\/wp\/v2\/media?parent=45758"}],"wp:term":[{"taxonomy":"product_cat","embeddable":true,"href":"https:\/\/all-pets.de\/shop\/wp-json\/wp\/v2\/product_cat?post=45758"},{"taxonomy":"product_tag","embeddable":true,"href":"https:\/\/all-pets.de\/shop\/wp-json\/wp\/v2\/product_tag?post=45758"}],"curies":[{"name":"wp","href":"https:\/\/api.w.org\/{rel}","templated":true}]}}