{"id":45770,"date":"2023-12-12T10:49:51","date_gmt":"2023-12-12T09:49:51","guid":{"rendered":"https:\/\/pet-shopping.de\/shop\/produkt\/trixie-aqua-toy-mot-fun\/"},"modified":"2023-12-12T10:49:51","modified_gmt":"2023-12-12T09:49:51","slug":"trixie-aqua-toy-mot-fun","status":"publish","type":"product","link":"https:\/\/all-pets.de\/shop\/produkt\/trixie-aqua-toy-mot-fun\/","title":{"rendered":"Trixie Aqua Toy MOT\u00ae-Fun"},"content":{"rendered":"<div class=\"mb-3 row\">\n<div class=\"col\">\n<div class=\"description\">\n<ul>\n<li>Naturgummi<\/li>\n<li>schwimmt<\/li>\n<li>Motivations-Spielzeug<\/li>\n<li>f\u00fcr schnelle und bewegungsbetonte Spiele<\/li>\n<li>Knauf am Ende des Bandes f\u00fcr sicheres und schmerzfreies Halten auch bei starkem Zug<\/li>\n<li>zum Werfen und f\u00fcr Konterzugspiele geeignet<\/li>\n<li>entwickelt von Prof. Ekard Lind<\/li>\n<li>Ma\u00dfe: ca. 9 cm\/22 cm<\/li>\n<li>Eine Farbwahl ist leider nicht m\u00f6glich, da die Farbe je nach Lagerbestand gew\u00e4hlt wird. <\/li>\n<\/ul>\n<p><\/p>\n<p>Liebt dein Hund Wasser und Action? Dann kommt er mit dem Aqua Toy MOT\u00ae-Fun voll auf seine Kosten. Das Motivations-Spielzeug aus Naturgummi ist vor allem f\u00fcr schnelles und bewegungsreiches Spielen konzipiert und sorgt f\u00fcr eine Menge Spa\u00df und Abwechslung im k\u00fchlen Nass. Dein Vierbeiner kann sich dabei so richtig auspowern, da das Hundespiel sich vorwiegend zum Werfen und f\u00fcr Konterzugspiele eignet. Ein Knauf an beiden Enden des Bandes sorgt daf\u00fcr, dass du das Wasserspielzeug sicher und schmerzfrei halten kannst, auch falls dein Vierbeiner mal mehr Einsatz zeigen sollte.<\/p>\n<p>Der \u00f6sterreichische Hundetrainer Ekard Lind hat das Aqua Toy entwickelt. Viele Tipps und Tricks rund um das Thema Hundeausbildung und -erziehung findest du auf seiner Homepage unter <a href=\"http:\/\/www.ekard-lind.at.\/\">www.ekard-lind.at<\/a>.<\/p>\n<\/div>\n<\/div>\n<\/div>\n","protected":false},"excerpt":{"rendered":"<p>Naturgummi schwimmt Motivations-Spielzeug f\u00fcr schnelle und bewegungsbetonte Spiele Knauf am Ende des Bandes f\u00fcr sicheres und schmerzfreies Halten auch bei starkem Zug zum Werfen und f\u00fcr Konterzugspiele geeignet entwickelt von Prof. Ekard Lind Ma\u00dfe: ca. 9 cm\/22 cm Eine Farbwahl ist leider nicht m\u00f6glich, da die Farbe je nach Lagerbestand gew\u00e4hlt wird. Liebt dein Hund [&hellip;]<\/p>\n","protected":false},"featured_media":45771,"comment_status":"closed","ping_status":"open","template":"","meta":[],"product_cat":[14170],"product_tag":[],"class_list":{"0":"post-45770","1":"product","2":"type-product","3":"status-publish","4":"has-post-thumbnail","6":"product_cat-aqua-spielzeug-hundespielzeug-sport-hundewurfspielzeughundewelt","8":"first","9":"instock","10":"taxable","11":"shipping-taxable","12":"purchasable","13":"product-type-simple"},"_links":{"self":[{"href":"https:\/\/all-pets.de\/shop\/wp-json\/wp\/v2\/product\/45770","targetHints":{"allow":["GET"]}}],"collection":[{"href":"https:\/\/all-pets.de\/shop\/wp-json\/wp\/v2\/product"}],"about":[{"href":"https:\/\/all-pets.de\/shop\/wp-json\/wp\/v2\/types\/product"}],"replies":[{"embeddable":true,"href":"https:\/\/all-pets.de\/shop\/wp-json\/wp\/v2\/comments?post=45770"}],"wp:featuredmedia":[{"embeddable":true,"href":"https:\/\/all-pets.de\/shop\/wp-json\/wp\/v2\/media\/45771"}],"wp:attachment":[{"href":"https:\/\/all-pets.de\/shop\/wp-json\/wp\/v2\/media?parent=45770"}],"wp:term":[{"taxonomy":"product_cat","embeddable":true,"href":"https:\/\/all-pets.de\/shop\/wp-json\/wp\/v2\/product_cat?post=45770"},{"taxonomy":"product_tag","embeddable":true,"href":"https:\/\/all-pets.de\/shop\/wp-json\/wp\/v2\/product_tag?post=45770"}],"curies":[{"name":"wp","href":"https:\/\/api.w.org\/{rel}","templated":true}]}}