{"id":45777,"date":"2023-12-12T10:49:51","date_gmt":"2023-12-12T09:49:51","guid":{"rendered":"https:\/\/pet-shopping.de\/shop\/produkt\/trixie-vinyl-wuerstchen-am-tau-12-cm\/"},"modified":"2023-12-12T10:49:52","modified_gmt":"2023-12-12T09:49:52","slug":"trixie-vinyl-wuerstchen-am-tau-12-cm","status":"publish","type":"product","link":"https:\/\/all-pets.de\/shop\/produkt\/trixie-vinyl-wuerstchen-am-tau-12-cm\/","title":{"rendered":"Trixie Vinyl-W\u00fcrstchen am Tau &#8211; 12 cm"},"content":{"rendered":"<p>Mit diesem witzigen Spielzeug in Form einer Wurst, werden Sie und Ihr Hund viel Freude haben. <\/p>\n<p>Das Spielzeug ist aus Vinyl hergestellt, wodurch es besondes gut zu reinigen ist. Zus\u00e4tzlich ist es mit einem Tau best\u00fcckt, welches oben und unter aus dem W\u00fcrstchen heraus schaut. <\/p>\n<p>Gr\u00f6\u00dfe: ca. 12 cm <\/p>\n<p>Dieses Spielzeug wird mit unterschiedlichen Gesichtsausdr\u00fccken hergestellt. Eine Auswahl ist hierbei leider nicht m\u00f6glich.<\/p>\n","protected":false},"excerpt":{"rendered":"<p>Mit diesem witzigen Spielzeug in Form einer Wurst, werden Sie und Ihr Hund viel Freude haben. Das Spielzeug ist aus Vinyl hergestellt, wodurch es besondes gut zu reinigen ist. Zus\u00e4tzlich ist es mit einem Tau best\u00fcckt, welches oben und unter aus dem W\u00fcrstchen heraus schaut. Gr\u00f6\u00dfe: ca. 12 cm Dieses Spielzeug wird mit unterschiedlichen Gesichtsausdr\u00fccken [&hellip;]<\/p>\n","protected":false},"featured_media":26034,"comment_status":"closed","ping_status":"open","template":"","meta":[],"product_cat":[14178],"product_tag":[],"class_list":{"0":"post-45777","1":"product","2":"type-product","3":"status-publish","4":"has-post-thumbnail","6":"product_cat-baumwoll-spielzeug","8":"first","9":"instock","10":"taxable","11":"shipping-taxable","12":"purchasable","13":"product-type-simple"},"_links":{"self":[{"href":"https:\/\/all-pets.de\/shop\/wp-json\/wp\/v2\/product\/45777","targetHints":{"allow":["GET"]}}],"collection":[{"href":"https:\/\/all-pets.de\/shop\/wp-json\/wp\/v2\/product"}],"about":[{"href":"https:\/\/all-pets.de\/shop\/wp-json\/wp\/v2\/types\/product"}],"replies":[{"embeddable":true,"href":"https:\/\/all-pets.de\/shop\/wp-json\/wp\/v2\/comments?post=45777"}],"wp:featuredmedia":[{"embeddable":true,"href":"https:\/\/all-pets.de\/shop\/wp-json\/wp\/v2\/media\/26034"}],"wp:attachment":[{"href":"https:\/\/all-pets.de\/shop\/wp-json\/wp\/v2\/media?parent=45777"}],"wp:term":[{"taxonomy":"product_cat","embeddable":true,"href":"https:\/\/all-pets.de\/shop\/wp-json\/wp\/v2\/product_cat?post=45777"},{"taxonomy":"product_tag","embeddable":true,"href":"https:\/\/all-pets.de\/shop\/wp-json\/wp\/v2\/product_tag?post=45777"}],"curies":[{"name":"wp","href":"https:\/\/api.w.org\/{rel}","templated":true}]}}