{"id":45778,"date":"2023-12-12T10:49:51","date_gmt":"2023-12-12T09:49:51","guid":{"rendered":"https:\/\/pet-shopping.de\/shop\/produkt\/trixie-4-vinyl-wuerstchen-am-tau-ca-75-cm\/"},"modified":"2023-12-12T10:49:52","modified_gmt":"2023-12-12T09:49:52","slug":"trixie-4-vinyl-wuerstchen-am-tau-ca-75-cm","status":"publish","type":"product","link":"https:\/\/all-pets.de\/shop\/produkt\/trixie-4-vinyl-wuerstchen-am-tau-ca-75-cm\/","title":{"rendered":"Trixie 4 Vinyl-W\u00fcrstchen am Tau &#8211; ca. 75 cm"},"content":{"rendered":"<p>Mit diesem witzigen Spielzeug, werden Sie und Ihr Hund viel Freude haben. <\/p>\n<p>Das Spielzeug besteht aus 4 W\u00fcrstchen, die auf ein Baumwolltau gef\u00e4delt sind. Die W\u00fcrstchen sind aus Vinyl. Dadurch kann das Spielzeug besonders einfach gereinigt werden.<\/p>\n<p>L\u00e4nge: ca. 75cm <\/p>\n<p><\/p>\n","protected":false},"excerpt":{"rendered":"<p>Mit diesem witzigen Spielzeug, werden Sie und Ihr Hund viel Freude haben. Das Spielzeug besteht aus 4 W\u00fcrstchen, die auf ein Baumwolltau gef\u00e4delt sind. Die W\u00fcrstchen sind aus Vinyl. Dadurch kann das Spielzeug besonders einfach gereinigt werden. L\u00e4nge: ca. 75cm<\/p>\n","protected":false},"featured_media":26036,"comment_status":"closed","ping_status":"open","template":"","meta":[],"product_cat":[14178],"product_tag":[],"class_list":{"0":"post-45778","1":"product","2":"type-product","3":"status-publish","4":"has-post-thumbnail","6":"product_cat-baumwoll-spielzeug","8":"first","9":"instock","10":"taxable","11":"shipping-taxable","12":"purchasable","13":"product-type-simple"},"_links":{"self":[{"href":"https:\/\/all-pets.de\/shop\/wp-json\/wp\/v2\/product\/45778","targetHints":{"allow":["GET"]}}],"collection":[{"href":"https:\/\/all-pets.de\/shop\/wp-json\/wp\/v2\/product"}],"about":[{"href":"https:\/\/all-pets.de\/shop\/wp-json\/wp\/v2\/types\/product"}],"replies":[{"embeddable":true,"href":"https:\/\/all-pets.de\/shop\/wp-json\/wp\/v2\/comments?post=45778"}],"wp:featuredmedia":[{"embeddable":true,"href":"https:\/\/all-pets.de\/shop\/wp-json\/wp\/v2\/media\/26036"}],"wp:attachment":[{"href":"https:\/\/all-pets.de\/shop\/wp-json\/wp\/v2\/media?parent=45778"}],"wp:term":[{"taxonomy":"product_cat","embeddable":true,"href":"https:\/\/all-pets.de\/shop\/wp-json\/wp\/v2\/product_cat?post=45778"},{"taxonomy":"product_tag","embeddable":true,"href":"https:\/\/all-pets.de\/shop\/wp-json\/wp\/v2\/product_tag?post=45778"}],"curies":[{"name":"wp","href":"https:\/\/api.w.org\/{rel}","templated":true}]}}