{"id":45806,"date":"2023-12-12T10:49:55","date_gmt":"2023-12-12T09:49:55","guid":{"rendered":"https:\/\/pet-shopping.de\/shop\/produkt\/trixie-moonlight-vinyl-hantel-18-cm\/"},"modified":"2023-12-12T10:49:58","modified_gmt":"2023-12-12T09:49:58","slug":"trixie-moonlight-vinyl-hantel-18-cm","status":"publish","type":"product","link":"https:\/\/all-pets.de\/shop\/produkt\/trixie-moonlight-vinyl-hantel-18-cm\/","title":{"rendered":"Trixie Moonlight Vinyl-Hantel &#8211; 18 cm"},"content":{"rendered":"<p>Diese Vinyl-Hantel macht auch im Dunkeln Spa\u00df! Nachdem sich das Material unter Lichteinfluss aufgeladen hat, leuchtet die Hantel im Dunkeln und bereitet so besonders gro\u00dfen Spielspa\u00df bei Tag und bei Nacht! Mit Squeeker.<\/p>\n<p>Gr\u00f6\u00dfe: ca. 18 cm <\/p>\n<p>\u00a0 <br \/> Diverse Farben. Eine Farbwahl ist leider nicht m\u00f6glich, da die Farbe je nach Lagerbestand gew\u00e4hlt wird. <\/p>\n","protected":false},"excerpt":{"rendered":"<p>Diese Vinyl-Hantel macht auch im Dunkeln Spa\u00df! Nachdem sich das Material unter Lichteinfluss aufgeladen hat, leuchtet die Hantel im Dunkeln und bereitet so besonders gro\u00dfen Spielspa\u00df bei Tag und bei Nacht! Mit Squeeker. Gr\u00f6\u00dfe: ca. 18 cm \u00a0 Diverse Farben. Eine Farbwahl ist leider nicht m\u00f6glich, da die Farbe je nach Lagerbestand gew\u00e4hlt wird.<\/p>\n","protected":false},"featured_media":26137,"comment_status":"closed","ping_status":"open","template":"","meta":[],"product_cat":[13748],"product_tag":[],"class_list":{"0":"post-45806","1":"product","2":"type-product","3":"status-publish","4":"has-post-thumbnail","6":"product_cat-squeeker","8":"first","9":"instock","10":"taxable","11":"shipping-taxable","12":"purchasable","13":"product-type-simple"},"_links":{"self":[{"href":"https:\/\/all-pets.de\/shop\/wp-json\/wp\/v2\/product\/45806","targetHints":{"allow":["GET"]}}],"collection":[{"href":"https:\/\/all-pets.de\/shop\/wp-json\/wp\/v2\/product"}],"about":[{"href":"https:\/\/all-pets.de\/shop\/wp-json\/wp\/v2\/types\/product"}],"replies":[{"embeddable":true,"href":"https:\/\/all-pets.de\/shop\/wp-json\/wp\/v2\/comments?post=45806"}],"wp:featuredmedia":[{"embeddable":true,"href":"https:\/\/all-pets.de\/shop\/wp-json\/wp\/v2\/media\/26137"}],"wp:attachment":[{"href":"https:\/\/all-pets.de\/shop\/wp-json\/wp\/v2\/media?parent=45806"}],"wp:term":[{"taxonomy":"product_cat","embeddable":true,"href":"https:\/\/all-pets.de\/shop\/wp-json\/wp\/v2\/product_cat?post=45806"},{"taxonomy":"product_tag","embeddable":true,"href":"https:\/\/all-pets.de\/shop\/wp-json\/wp\/v2\/product_tag?post=45806"}],"curies":[{"name":"wp","href":"https:\/\/api.w.org\/{rel}","templated":true}]}}