{"id":45860,"date":"2023-12-12T10:50:08","date_gmt":"2023-12-12T09:50:08","guid":{"rendered":"https:\/\/pet-shopping.de\/shop\/produkt\/trixie-petwalk-teleskop-rampe\/"},"modified":"2023-12-12T10:50:11","modified_gmt":"2023-12-12T09:50:11","slug":"trixie-petwalk-teleskop-rampe","status":"publish","type":"product","link":"https:\/\/all-pets.de\/shop\/produkt\/trixie-petwalk-teleskop-rampe\/","title":{"rendered":"Trixie PetWalk Teleskop-Rampe"},"content":{"rendered":"<div>Die Teleskop-Rampe hilft die Gelenke Ihres Tieres &#8211; besonders im H\u00fcft- und Wirbels\u00e4ulenbereich &#8211; zu schonen und ist daher sehr empfehlenswert f\u00fcr alle Tiere, die aufgrund von Alter oder Krankheiten wie Arthrose und Arthritis nicht mehr springen k\u00f6nnen. Die Rampe kann auch als pr\u00e4ventive Ma\u00dfnahme eingesetzt werden, z. B. bei Verdacht auf Gelenkprobleme und generell bei von derartigen Krankheiten gef\u00e4hrdeten Hunden. Auch die Gelenke gr\u00f6\u00dferer Jungtiere k\u00f6nnen durch die Verwendung in der Wachstumsphase bewusst gesch\u00fctzt werden.<\/p>\n<p> Der Antirutsch-Belag und die seitlich erh\u00f6hten Schienen gew\u00e4hrleisten einen soliden Halt und sicheren Tritt bei der Nutzung. Das Material ist sehr einfach zu reinigen. Die Teleskoprampe ist, aufgrund ihres geringen Gewichts von ca. 5,8 kg, einfach zu tragen und leicht zu handhaben.<\/p>\n<p> Die Rampe ist extrem flexibel und \u00fcberall einsetzbar. Die verstellbare L\u00e4nge\u00a0 erm\u00f6glicht das Anlegen an verschiedenste Ziele, wie etwa das Autoinnere, das Bett oder den Treppenabsatz. Im zusammen geschobenen Zustand ben\u00f6tigt die Rampe sehr wenig Stauraum und ist problemlos zu transportieren. Sie ist robust verarbeitet und somit drinnen wie drau\u00dfen nutzbar. Die stabile Bauweise erm\u00f6glicht eine maximale Belastbarkeit von ca. 120 kg.<\/p>\n<p> Details:<\/p>\n<p> &#8211; Aluminium<br \/> &#8211; sch\u00fctzt die Gelenke des Tieres<br \/> &#8211; mit Anti-Rutsch-Belag und seitlichen Sicherheitsschienen<br \/> &#8211; problemlos zu transportieren<br \/> &#8211; verstellbare L\u00e4nge<br \/> &#8211; maximale Belastbarkeit von ca. 120 kg<br \/> &#8211; einfach zu reinigen<br \/> &#8211; Ma\u00dfe: 43 x 100-183 cm<\/div>\n","protected":false},"excerpt":{"rendered":"<p>Die Teleskop-Rampe hilft die Gelenke Ihres Tieres &#8211; besonders im H\u00fcft- und Wirbels\u00e4ulenbereich &#8211; zu schonen und ist daher sehr empfehlenswert f\u00fcr alle Tiere, die aufgrund von Alter oder Krankheiten wie Arthrose und Arthritis nicht mehr springen k\u00f6nnen. Die Rampe kann auch als pr\u00e4ventive Ma\u00dfnahme eingesetzt werden, z. B. bei Verdacht auf Gelenkprobleme und generell [&hellip;]<\/p>\n","protected":false},"featured_media":26281,"comment_status":"closed","ping_status":"open","template":"","meta":[],"product_cat":[13724],"product_tag":[],"class_list":{"0":"post-45860","1":"product","2":"type-product","3":"status-publish","4":"has-post-thumbnail","6":"product_cat-nuetzliche-helfer","8":"first","9":"instock","10":"taxable","11":"shipping-taxable","12":"purchasable","13":"product-type-simple"},"_links":{"self":[{"href":"https:\/\/all-pets.de\/shop\/wp-json\/wp\/v2\/product\/45860","targetHints":{"allow":["GET"]}}],"collection":[{"href":"https:\/\/all-pets.de\/shop\/wp-json\/wp\/v2\/product"}],"about":[{"href":"https:\/\/all-pets.de\/shop\/wp-json\/wp\/v2\/types\/product"}],"replies":[{"embeddable":true,"href":"https:\/\/all-pets.de\/shop\/wp-json\/wp\/v2\/comments?post=45860"}],"wp:featuredmedia":[{"embeddable":true,"href":"https:\/\/all-pets.de\/shop\/wp-json\/wp\/v2\/media\/26281"}],"wp:attachment":[{"href":"https:\/\/all-pets.de\/shop\/wp-json\/wp\/v2\/media?parent=45860"}],"wp:term":[{"taxonomy":"product_cat","embeddable":true,"href":"https:\/\/all-pets.de\/shop\/wp-json\/wp\/v2\/product_cat?post=45860"},{"taxonomy":"product_tag","embeddable":true,"href":"https:\/\/all-pets.de\/shop\/wp-json\/wp\/v2\/product_tag?post=45860"}],"curies":[{"name":"wp","href":"https:\/\/api.w.org\/{rel}","templated":true}]}}