{"id":45868,"date":"2023-12-12T10:50:08","date_gmt":"2023-12-12T09:50:08","guid":{"rendered":"https:\/\/pet-shopping.de\/shop\/produkt\/trixie-keramiknapf-mit-motiv-200-ml\/"},"modified":"2023-12-12T10:50:11","modified_gmt":"2023-12-12T09:50:11","slug":"trixie-keramiknapf-mit-motiv-200-ml","status":"publish","type":"product","link":"https:\/\/all-pets.de\/shop\/produkt\/trixie-keramiknapf-mit-motiv-200-ml\/","title":{"rendered":"Trixie Keramiknapf mit Motiv &#8211; 200 ml"},"content":{"rendered":"<p>Dieser hochwertige Keramiknapf ist das ideale Geschirr f\u00fcr die anspruchsvolle Katze. Durch sein Eigengewicht l\u00e4\u00dft er sich schlecht von der Katze wegschieben und bietet so ungest\u00f6rtes Fress- und Trinkvergn\u00fcgen. Zugleich ist dieser Keramiknapf mit dem niedlichen Aufdruck sch\u00f6n anzusehen und passt so in jede Wohnung. <\/p>\n<p>Durchmesser: ca. 11 cm<br \/> Fassungsverm\u00f6gen: ca. 200 ml\u00a0<\/p>\n","protected":false},"excerpt":{"rendered":"<p>Dieser hochwertige Keramiknapf ist das ideale Geschirr f\u00fcr die anspruchsvolle Katze. Durch sein Eigengewicht l\u00e4\u00dft er sich schlecht von der Katze wegschieben und bietet so ungest\u00f6rtes Fress- und Trinkvergn\u00fcgen. Zugleich ist dieser Keramiknapf mit dem niedlichen Aufdruck sch\u00f6n anzusehen und passt so in jede Wohnung. Durchmesser: ca. 11 cm Fassungsverm\u00f6gen: ca. 200 ml\u00a0<\/p>\n","protected":false},"featured_media":26324,"comment_status":"closed","ping_status":"open","template":"","meta":[],"product_cat":[13740],"product_tag":[],"class_list":{"0":"post-45868","1":"product","2":"type-product","3":"status-publish","4":"has-post-thumbnail","6":"product_cat-futter-wassernaepfe","8":"first","9":"instock","10":"taxable","11":"shipping-taxable","12":"purchasable","13":"product-type-simple"},"_links":{"self":[{"href":"https:\/\/all-pets.de\/shop\/wp-json\/wp\/v2\/product\/45868","targetHints":{"allow":["GET"]}}],"collection":[{"href":"https:\/\/all-pets.de\/shop\/wp-json\/wp\/v2\/product"}],"about":[{"href":"https:\/\/all-pets.de\/shop\/wp-json\/wp\/v2\/types\/product"}],"replies":[{"embeddable":true,"href":"https:\/\/all-pets.de\/shop\/wp-json\/wp\/v2\/comments?post=45868"}],"wp:featuredmedia":[{"embeddable":true,"href":"https:\/\/all-pets.de\/shop\/wp-json\/wp\/v2\/media\/26324"}],"wp:attachment":[{"href":"https:\/\/all-pets.de\/shop\/wp-json\/wp\/v2\/media?parent=45868"}],"wp:term":[{"taxonomy":"product_cat","embeddable":true,"href":"https:\/\/all-pets.de\/shop\/wp-json\/wp\/v2\/product_cat?post=45868"},{"taxonomy":"product_tag","embeddable":true,"href":"https:\/\/all-pets.de\/shop\/wp-json\/wp\/v2\/product_tag?post=45868"}],"curies":[{"name":"wp","href":"https:\/\/api.w.org\/{rel}","templated":true}]}}