{"id":45894,"date":"2023-12-12T10:50:13","date_gmt":"2023-12-12T09:50:13","guid":{"rendered":"https:\/\/pet-shopping.de\/shop\/produkt\/trixie-sisal-maus-mit-catnip-10-cm\/"},"modified":"2023-12-12T10:50:17","modified_gmt":"2023-12-12T09:50:17","slug":"trixie-sisal-maus-mit-catnip-10-cm","status":"publish","type":"product","link":"https:\/\/all-pets.de\/shop\/produkt\/trixie-sisal-maus-mit-catnip-10-cm\/","title":{"rendered":"Trixie Sisal-Maus mit Catnip &#8211; 10 cm"},"content":{"rendered":"<p>Diese Sisal-Maus bietet Spa\u00df und ist eine sehr n\u00fctzliche Unterst\u00fctzung bei der Krallenpflege.\u00a0<\/p>\n<p>Sisal ist eine nat\u00fcrliche, sehr robuste Faser, welche der Katze hilft, die schuppige Oberschicht der Kralle zu entfernen. So wird ein Einwachsen der Katzenkrallen verhindert.\u00a0<\/p>\n<p>Die in der Maus enthaltene spielanregende Kr\u00e4utermischung (Catnip) sorgt daf\u00fcr, dass dieses Spielzeug lange interessant bleibt. <\/p>\n<p>Mit Rassel. <\/p>\n<p>Gr\u00f6\u00dfe: ca. 10 cm (ohne Schwanz)<\/p>\n<p>Diverse Farben <\/p>\n<p><font size=\"1\">(Eine Farbwahl ist leider nicht m\u00f6glich. Die Farbe wird je nach Lagerbestand gew\u00e4hlt.)<\/font>\u00a0 <\/p>\n","protected":false},"excerpt":{"rendered":"<p>Diese Sisal-Maus bietet Spa\u00df und ist eine sehr n\u00fctzliche Unterst\u00fctzung bei der Krallenpflege.\u00a0 Sisal ist eine nat\u00fcrliche, sehr robuste Faser, welche der Katze hilft, die schuppige Oberschicht der Kralle zu entfernen. So wird ein Einwachsen der Katzenkrallen verhindert.\u00a0 Die in der Maus enthaltene spielanregende Kr\u00e4utermischung (Catnip) sorgt daf\u00fcr, dass dieses Spielzeug lange interessant bleibt. Mit [&hellip;]<\/p>\n","protected":false},"featured_media":26395,"comment_status":"closed","ping_status":"open","template":"","meta":[],"product_cat":[13701],"product_tag":[],"class_list":{"0":"post-45894","1":"product","2":"type-product","3":"status-publish","4":"has-post-thumbnail","6":"product_cat-catnip-baldrian-spielzeug","8":"first","9":"instock","10":"taxable","11":"shipping-taxable","12":"purchasable","13":"product-type-simple"},"_links":{"self":[{"href":"https:\/\/all-pets.de\/shop\/wp-json\/wp\/v2\/product\/45894","targetHints":{"allow":["GET"]}}],"collection":[{"href":"https:\/\/all-pets.de\/shop\/wp-json\/wp\/v2\/product"}],"about":[{"href":"https:\/\/all-pets.de\/shop\/wp-json\/wp\/v2\/types\/product"}],"replies":[{"embeddable":true,"href":"https:\/\/all-pets.de\/shop\/wp-json\/wp\/v2\/comments?post=45894"}],"wp:featuredmedia":[{"embeddable":true,"href":"https:\/\/all-pets.de\/shop\/wp-json\/wp\/v2\/media\/26395"}],"wp:attachment":[{"href":"https:\/\/all-pets.de\/shop\/wp-json\/wp\/v2\/media?parent=45894"}],"wp:term":[{"taxonomy":"product_cat","embeddable":true,"href":"https:\/\/all-pets.de\/shop\/wp-json\/wp\/v2\/product_cat?post=45894"},{"taxonomy":"product_tag","embeddable":true,"href":"https:\/\/all-pets.de\/shop\/wp-json\/wp\/v2\/product_tag?post=45894"}],"curies":[{"name":"wp","href":"https:\/\/api.w.org\/{rel}","templated":true}]}}