{"id":45905,"date":"2023-12-12T10:50:21","date_gmt":"2023-12-12T09:50:21","guid":{"rendered":"https:\/\/pet-shopping.de\/shop\/produkt\/trixie-3-rainbow-baelle-am-gummiband-mit-gloeckchen\/"},"modified":"2023-12-12T10:50:21","modified_gmt":"2023-12-12T09:50:21","slug":"trixie-3-rainbow-baelle-am-gummiband-mit-gloeckchen","status":"publish","type":"product","link":"https:\/\/all-pets.de\/shop\/produkt\/trixie-3-rainbow-baelle-am-gummiband-mit-gloeckchen\/","title":{"rendered":"Trixie 3 Rainbow-B\u00e4lle am Gummiband mit Gl\u00f6ckchen"},"content":{"rendered":"<p>Dieses Katzenspielzeug des Herstellers Trixie besteht aus drei Rainbow-B\u00e4llen aus Schaumstoff und drei Gl\u00f6ckchen, die an einem Gummiband befestigt sind. <\/p>\n<p>Mit Feder und Gl\u00f6ckchen.<\/p>\n<p>L\u00e4nge: ca. 80 cm<\/p>\n<p>Gr\u00f6\u00dfe der B\u00e4lle: ca. 3,5 cm<\/p>\n<p>\u00a0<\/p>\n","protected":false},"excerpt":{"rendered":"<p>Dieses Katzenspielzeug des Herstellers Trixie besteht aus drei Rainbow-B\u00e4llen aus Schaumstoff und drei Gl\u00f6ckchen, die an einem Gummiband befestigt sind. Mit Feder und Gl\u00f6ckchen. L\u00e4nge: ca. 80 cm Gr\u00f6\u00dfe der B\u00e4lle: ca. 3,5 cm \u00a0<\/p>\n","protected":false},"featured_media":26441,"comment_status":"closed","ping_status":"open","template":"","meta":[],"product_cat":[14232],"product_tag":[],"class_list":{"0":"post-45905","1":"product","2":"type-product","3":"status-publish","4":"has-post-thumbnail","6":"product_cat-katzenspielangeln-co-katzenspielzeug-katzenbaellekatzenwelt","8":"first","9":"instock","10":"taxable","11":"shipping-taxable","12":"purchasable","13":"product-type-simple"},"_links":{"self":[{"href":"https:\/\/all-pets.de\/shop\/wp-json\/wp\/v2\/product\/45905","targetHints":{"allow":["GET"]}}],"collection":[{"href":"https:\/\/all-pets.de\/shop\/wp-json\/wp\/v2\/product"}],"about":[{"href":"https:\/\/all-pets.de\/shop\/wp-json\/wp\/v2\/types\/product"}],"replies":[{"embeddable":true,"href":"https:\/\/all-pets.de\/shop\/wp-json\/wp\/v2\/comments?post=45905"}],"wp:featuredmedia":[{"embeddable":true,"href":"https:\/\/all-pets.de\/shop\/wp-json\/wp\/v2\/media\/26441"}],"wp:attachment":[{"href":"https:\/\/all-pets.de\/shop\/wp-json\/wp\/v2\/media?parent=45905"}],"wp:term":[{"taxonomy":"product_cat","embeddable":true,"href":"https:\/\/all-pets.de\/shop\/wp-json\/wp\/v2\/product_cat?post=45905"},{"taxonomy":"product_tag","embeddable":true,"href":"https:\/\/all-pets.de\/shop\/wp-json\/wp\/v2\/product_tag?post=45905"}],"curies":[{"name":"wp","href":"https:\/\/api.w.org\/{rel}","templated":true}]}}