{"id":45914,"date":"2023-12-12T10:50:21","date_gmt":"2023-12-12T09:50:21","guid":{"rendered":"https:\/\/pet-shopping.de\/shop\/produkt\/trixie-kaetzchenhalsband-kitty-cat\/"},"modified":"2023-12-12T10:50:22","modified_gmt":"2023-12-12T09:50:22","slug":"trixie-kaetzchenhalsband-kitty-cat","status":"publish","type":"product","link":"https:\/\/all-pets.de\/shop\/produkt\/trixie-kaetzchenhalsband-kitty-cat\/","title":{"rendered":"Trixie K\u00e4tzchenhalsband Kitty Cat"},"content":{"rendered":"<p>Das K\u00e4tzchenenhalsband besteht aus Nylon mit niedlichem Kitty Cat Motivdruck. Es eignet sich f\u00fcr K\u00e4tzchen und kleine Katzen und ist mit einer Schelle und einem Snap &#038; Easy Sicherheitsverschluss ausgestattet. Zus\u00e4tzlich besitzt es einen Gummizug, der das Anziehen und auch das Tragen bequemer macht.<\/p>\n<p>Das Halsband ist stufenlos verstellbar von ca. 16 &#8211; 21 cm.<br \/> Breite: ca. 8 mm <\/p>\n<p>Diverse Farben. Eine Farbwahl ist leider nicht m\u00f6glich, da die Farbe je nach Lagerbestand gew\u00e4hlt wird.<\/p>\n","protected":false},"excerpt":{"rendered":"<p>Das K\u00e4tzchenenhalsband besteht aus Nylon mit niedlichem Kitty Cat Motivdruck. Es eignet sich f\u00fcr K\u00e4tzchen und kleine Katzen und ist mit einer Schelle und einem Snap &#038; Easy Sicherheitsverschluss ausgestattet. Zus\u00e4tzlich besitzt es einen Gummizug, der das Anziehen und auch das Tragen bequemer macht. Das Halsband ist stufenlos verstellbar von ca. 16 &#8211; 21 cm. [&hellip;]<\/p>\n","protected":false},"featured_media":45915,"comment_status":"closed","ping_status":"open","template":"","meta":[],"product_cat":[14236],"product_tag":[],"class_list":{"0":"post-45914","1":"product","2":"type-product","3":"status-publish","4":"has-post-thumbnail","6":"product_cat-halsbaender-katzenhalsbaender-geschirre","8":"first","9":"instock","10":"taxable","11":"shipping-taxable","12":"purchasable","13":"product-type-simple"},"_links":{"self":[{"href":"https:\/\/all-pets.de\/shop\/wp-json\/wp\/v2\/product\/45914","targetHints":{"allow":["GET"]}}],"collection":[{"href":"https:\/\/all-pets.de\/shop\/wp-json\/wp\/v2\/product"}],"about":[{"href":"https:\/\/all-pets.de\/shop\/wp-json\/wp\/v2\/types\/product"}],"replies":[{"embeddable":true,"href":"https:\/\/all-pets.de\/shop\/wp-json\/wp\/v2\/comments?post=45914"}],"wp:featuredmedia":[{"embeddable":true,"href":"https:\/\/all-pets.de\/shop\/wp-json\/wp\/v2\/media\/45915"}],"wp:attachment":[{"href":"https:\/\/all-pets.de\/shop\/wp-json\/wp\/v2\/media?parent=45914"}],"wp:term":[{"taxonomy":"product_cat","embeddable":true,"href":"https:\/\/all-pets.de\/shop\/wp-json\/wp\/v2\/product_cat?post=45914"},{"taxonomy":"product_tag","embeddable":true,"href":"https:\/\/all-pets.de\/shop\/wp-json\/wp\/v2\/product_tag?post=45914"}],"curies":[{"name":"wp","href":"https:\/\/api.w.org\/{rel}","templated":true}]}}