{"id":45963,"date":"2023-12-12T10:50:29","date_gmt":"2023-12-12T09:50:29","guid":{"rendered":"https:\/\/pet-shopping.de\/shop\/produkt\/trixie-liegemulde-fuer-heizkoerper-beige\/"},"modified":"2023-12-12T10:50:31","modified_gmt":"2023-12-12T09:50:31","slug":"trixie-liegemulde-fuer-heizkoerper-beige","status":"publish","type":"product","link":"https:\/\/all-pets.de\/shop\/produkt\/trixie-liegemulde-fuer-heizkoerper-beige\/","title":{"rendered":"Trixie Liegemulde f\u00fcr Heizk\u00f6rper &#8211; Beige"},"content":{"rendered":"<div class=\"mb-3 row\">\n<div class=\"col\">\n<div class=\"description\">\n<ul>\n<li>Pl\u00fcsch-Bezug (Polyester) abnehmbar <\/li>\n<li>stabiler Metallrahmen<\/li>\n<li>mit verstellbarer Halterung (10\u201312 cm)<\/li>\n<li>f\u00fcr alle g\u00e4ngigen Heizk\u00f6rper<\/li>\n<li>Bezug bei 30\u00b0 waschbar<\/li>\n<li>Ma\u00dfe: ca. 48 \u00d7 26 \u00d7 30 cm<\/li>\n<li>Farbe: beige<\/li>\n<\/ul>\n<\/div>\n<\/div>\n<\/div>\n","protected":false},"excerpt":{"rendered":"<p>Pl\u00fcsch-Bezug (Polyester) abnehmbar stabiler Metallrahmen mit verstellbarer Halterung (10\u201312 cm) f\u00fcr alle g\u00e4ngigen Heizk\u00f6rper Bezug bei 30\u00b0 waschbar Ma\u00dfe: ca. 48 \u00d7 26 \u00d7 30 cm Farbe: beige<\/p>\n","protected":false},"featured_media":45964,"comment_status":"closed","ping_status":"open","template":"","meta":[],"product_cat":[14257],"product_tag":[],"class_list":{"0":"post-45963","1":"product","2":"type-product","3":"status-publish","4":"has-post-thumbnail","6":"product_cat-heizungsliegen","8":"first","9":"instock","10":"taxable","11":"shipping-taxable","12":"purchasable","13":"product-type-simple"},"_links":{"self":[{"href":"https:\/\/all-pets.de\/shop\/wp-json\/wp\/v2\/product\/45963","targetHints":{"allow":["GET"]}}],"collection":[{"href":"https:\/\/all-pets.de\/shop\/wp-json\/wp\/v2\/product"}],"about":[{"href":"https:\/\/all-pets.de\/shop\/wp-json\/wp\/v2\/types\/product"}],"replies":[{"embeddable":true,"href":"https:\/\/all-pets.de\/shop\/wp-json\/wp\/v2\/comments?post=45963"}],"wp:featuredmedia":[{"embeddable":true,"href":"https:\/\/all-pets.de\/shop\/wp-json\/wp\/v2\/media\/45964"}],"wp:attachment":[{"href":"https:\/\/all-pets.de\/shop\/wp-json\/wp\/v2\/media?parent=45963"}],"wp:term":[{"taxonomy":"product_cat","embeddable":true,"href":"https:\/\/all-pets.de\/shop\/wp-json\/wp\/v2\/product_cat?post=45963"},{"taxonomy":"product_tag","embeddable":true,"href":"https:\/\/all-pets.de\/shop\/wp-json\/wp\/v2\/product_tag?post=45963"}],"curies":[{"name":"wp","href":"https:\/\/api.w.org\/{rel}","templated":true}]}}