{"id":45981,"date":"2023-12-12T10:50:34","date_gmt":"2023-12-12T09:50:34","guid":{"rendered":"https:\/\/pet-shopping.de\/shop\/produkt\/trixie-liegemulde-fuer-kratzbaeume-40-cm-beige\/"},"modified":"2023-12-12T10:50:36","modified_gmt":"2023-12-12T09:50:36","slug":"trixie-liegemulde-fuer-kratzbaeume-40-cm-beige","status":"publish","type":"product","link":"https:\/\/all-pets.de\/shop\/produkt\/trixie-liegemulde-fuer-kratzbaeume-40-cm-beige\/","title":{"rendered":"Trixie Liegemulde f\u00fcr Kratzb\u00e4ume &#8211; 40 cm, Beige"},"content":{"rendered":"<p>Die Liegemulde mit Pl\u00fcsch-Bezug und Metallrahmen l\u00e4sst sich an fast jedem Kratzbaum anstelle einer Liegeplatte befestigen und bietet Ihrem Stubentiger so einen gem\u00fctlichen Schlafplatz.<\/p>\n<p>Durchmesser: ca. 40 cm<br \/> Farbe: Beige<\/p>\n","protected":false},"excerpt":{"rendered":"<p>Die Liegemulde mit Pl\u00fcsch-Bezug und Metallrahmen l\u00e4sst sich an fast jedem Kratzbaum anstelle einer Liegeplatte befestigen und bietet Ihrem Stubentiger so einen gem\u00fctlichen Schlafplatz. Durchmesser: ca. 40 cm Farbe: Beige<\/p>\n","protected":false},"featured_media":26621,"comment_status":"closed","ping_status":"open","template":"","meta":[],"product_cat":[14267],"product_tag":[],"class_list":{"0":"post-45981","1":"product","2":"type-product","3":"status-publish","4":"has-post-thumbnail","6":"product_cat-kratzbaeume-moebel-zubehoer-fuer-kratzbaeumekatzenwelt","8":"first","9":"instock","10":"taxable","11":"shipping-taxable","12":"purchasable","13":"product-type-simple"},"_links":{"self":[{"href":"https:\/\/all-pets.de\/shop\/wp-json\/wp\/v2\/product\/45981","targetHints":{"allow":["GET"]}}],"collection":[{"href":"https:\/\/all-pets.de\/shop\/wp-json\/wp\/v2\/product"}],"about":[{"href":"https:\/\/all-pets.de\/shop\/wp-json\/wp\/v2\/types\/product"}],"replies":[{"embeddable":true,"href":"https:\/\/all-pets.de\/shop\/wp-json\/wp\/v2\/comments?post=45981"}],"wp:featuredmedia":[{"embeddable":true,"href":"https:\/\/all-pets.de\/shop\/wp-json\/wp\/v2\/media\/26621"}],"wp:attachment":[{"href":"https:\/\/all-pets.de\/shop\/wp-json\/wp\/v2\/media?parent=45981"}],"wp:term":[{"taxonomy":"product_cat","embeddable":true,"href":"https:\/\/all-pets.de\/shop\/wp-json\/wp\/v2\/product_cat?post=45981"},{"taxonomy":"product_tag","embeddable":true,"href":"https:\/\/all-pets.de\/shop\/wp-json\/wp\/v2\/product_tag?post=45981"}],"curies":[{"name":"wp","href":"https:\/\/api.w.org\/{rel}","templated":true}]}}