{"id":46008,"date":"2023-12-12T10:50:38","date_gmt":"2023-12-12T09:50:38","guid":{"rendered":"https:\/\/pet-shopping.de\/shop\/produkt\/trixie-mausball-aus-pluesch-45-cm\/"},"modified":"2023-12-12T10:50:40","modified_gmt":"2023-12-12T09:50:40","slug":"trixie-mausball-aus-pluesch-45-cm","status":"publish","type":"product","link":"https:\/\/all-pets.de\/shop\/produkt\/trixie-mausball-aus-pluesch-45-cm\/","title":{"rendered":"Trixie Mausball aus Pl\u00fcsch &#8211; 4,5 cm"},"content":{"rendered":"<p>Die niedlichen Mausb\u00e4lle mit Kurzhaar-Pl\u00fcsch sind in diversen lustigen Ausf\u00fchrungen erh\u00e4ltlich. F\u00fcr noch mehr Spielspa\u00df sind sie mit Catnip-Duft best\u00fcckt.<\/p>\n<p>Gr\u00f6\u00dfe: ca. 4,5 cm<br \/> Inhalt: 1 St\u00fcck<\/p>\n<p>Eine Motivwahl ist leider nicht m\u00f6glich, da die Ausf\u00fchrung je nach Lagerbestand gew\u00e4hlt wird.<\/p>\n","protected":false},"excerpt":{"rendered":"<p>Die niedlichen Mausb\u00e4lle mit Kurzhaar-Pl\u00fcsch sind in diversen lustigen Ausf\u00fchrungen erh\u00e4ltlich. F\u00fcr noch mehr Spielspa\u00df sind sie mit Catnip-Duft best\u00fcckt. Gr\u00f6\u00dfe: ca. 4,5 cm Inhalt: 1 St\u00fcck Eine Motivwahl ist leider nicht m\u00f6glich, da die Ausf\u00fchrung je nach Lagerbestand gew\u00e4hlt wird.<\/p>\n","protected":false},"featured_media":26702,"comment_status":"closed","ping_status":"open","template":"","meta":[],"product_cat":[14275],"product_tag":[],"class_list":{"0":"post-46008","1":"product","2":"type-product","3":"status-publish","4":"has-post-thumbnail","6":"product_cat-katzenspielmaeuse-katzenspielzeug-katzenbaellekatzenwelt","8":"first","9":"instock","10":"taxable","11":"shipping-taxable","12":"purchasable","13":"product-type-simple"},"_links":{"self":[{"href":"https:\/\/all-pets.de\/shop\/wp-json\/wp\/v2\/product\/46008","targetHints":{"allow":["GET"]}}],"collection":[{"href":"https:\/\/all-pets.de\/shop\/wp-json\/wp\/v2\/product"}],"about":[{"href":"https:\/\/all-pets.de\/shop\/wp-json\/wp\/v2\/types\/product"}],"replies":[{"embeddable":true,"href":"https:\/\/all-pets.de\/shop\/wp-json\/wp\/v2\/comments?post=46008"}],"wp:featuredmedia":[{"embeddable":true,"href":"https:\/\/all-pets.de\/shop\/wp-json\/wp\/v2\/media\/26702"}],"wp:attachment":[{"href":"https:\/\/all-pets.de\/shop\/wp-json\/wp\/v2\/media?parent=46008"}],"wp:term":[{"taxonomy":"product_cat","embeddable":true,"href":"https:\/\/all-pets.de\/shop\/wp-json\/wp\/v2\/product_cat?post=46008"},{"taxonomy":"product_tag","embeddable":true,"href":"https:\/\/all-pets.de\/shop\/wp-json\/wp\/v2\/product_tag?post=46008"}],"curies":[{"name":"wp","href":"https:\/\/api.w.org\/{rel}","templated":true}]}}