{"id":46010,"date":"2023-12-12T10:50:38","date_gmt":"2023-12-12T09:50:38","guid":{"rendered":"https:\/\/pet-shopping.de\/shop\/produkt\/trixie-katzenspielzeug-catch-me-mit-motor-fernbedienung\/"},"modified":"2023-12-12T10:50:40","modified_gmt":"2023-12-12T09:50:40","slug":"trixie-katzenspielzeug-catch-me-mit-motor-fernbedienung","status":"publish","type":"product","link":"https:\/\/all-pets.de\/shop\/produkt\/trixie-katzenspielzeug-catch-me-mit-motor-fernbedienung\/","title":{"rendered":"Trixie Katzenspielzeug CATCH ME mit Motor\/Fernbedienung"},"content":{"rendered":"<p>Der CATCH ME weckt den nat\u00fcrlichen Jagdinstinkt Ihrer Katze und animiert sie dadurch zum Spielen. Der batteriebetriebene Motor im Inneren bringt die Spielangel zum ungleichm\u00e4\u00dfigen Drehen und wirbelt das am Band befestigte Spielzeug herum. Die Steuerung \u00fcbernehmen Sie mit der mitgelieferten Fernbedienung.<\/p>\n<p>Das CATCH ME besteht aus Kunststoff und wird inklusive einer Ersatz-Spielangel geliefert.<\/p>\n<p>Batteriebetrieben. Batterietyp:23A (nicht enthalten).<\/p>\n<p>Ma\u00dfe: ca. 15 x 21 cm (Durchmesser x H\u00f6he inkl. Angel)<\/p>\n","protected":false},"excerpt":{"rendered":"<p>Der CATCH ME weckt den nat\u00fcrlichen Jagdinstinkt Ihrer Katze und animiert sie dadurch zum Spielen. Der batteriebetriebene Motor im Inneren bringt die Spielangel zum ungleichm\u00e4\u00dfigen Drehen und wirbelt das am Band befestigte Spielzeug herum. Die Steuerung \u00fcbernehmen Sie mit der mitgelieferten Fernbedienung. Das CATCH ME besteht aus Kunststoff und wird inklusive einer Ersatz-Spielangel geliefert. Batteriebetrieben. [&hellip;]<\/p>\n","protected":false},"featured_media":26711,"comment_status":"closed","ping_status":"open","template":"","meta":[],"product_cat":[14276],"product_tag":[],"class_list":{"0":"post-46010","1":"product","2":"type-product","3":"status-publish","4":"has-post-thumbnail","6":"product_cat-weitere-spielzeuge-katzenspielzeug-katzenspielangeln-cokatzenwelt","8":"first","9":"instock","10":"taxable","11":"shipping-taxable","12":"purchasable","13":"product-type-simple"},"_links":{"self":[{"href":"https:\/\/all-pets.de\/shop\/wp-json\/wp\/v2\/product\/46010","targetHints":{"allow":["GET"]}}],"collection":[{"href":"https:\/\/all-pets.de\/shop\/wp-json\/wp\/v2\/product"}],"about":[{"href":"https:\/\/all-pets.de\/shop\/wp-json\/wp\/v2\/types\/product"}],"replies":[{"embeddable":true,"href":"https:\/\/all-pets.de\/shop\/wp-json\/wp\/v2\/comments?post=46010"}],"wp:featuredmedia":[{"embeddable":true,"href":"https:\/\/all-pets.de\/shop\/wp-json\/wp\/v2\/media\/26711"}],"wp:attachment":[{"href":"https:\/\/all-pets.de\/shop\/wp-json\/wp\/v2\/media?parent=46010"}],"wp:term":[{"taxonomy":"product_cat","embeddable":true,"href":"https:\/\/all-pets.de\/shop\/wp-json\/wp\/v2\/product_cat?post=46010"},{"taxonomy":"product_tag","embeddable":true,"href":"https:\/\/all-pets.de\/shop\/wp-json\/wp\/v2\/product_tag?post=46010"}],"curies":[{"name":"wp","href":"https:\/\/api.w.org\/{rel}","templated":true}]}}