{"id":46020,"date":"2023-12-12T10:50:38","date_gmt":"2023-12-12T09:50:38","guid":{"rendered":"https:\/\/pet-shopping.de\/shop\/produkt\/trixie-badehaus-transparent\/"},"modified":"2023-12-12T10:50:41","modified_gmt":"2023-12-12T09:50:41","slug":"trixie-badehaus-transparent","status":"publish","type":"product","link":"https:\/\/all-pets.de\/shop\/produkt\/trixie-badehaus-transparent\/","title":{"rendered":"Trixie Badehaus &#8211; transparent"},"content":{"rendered":"<p>Das Badehaus wird von au\u00dfen in die K\u00e4figt\u00fcr geh\u00e4ngt. Man kann dem Vogel das Badehaus immer oder nur zeitweise zur Verf\u00fcgung stellen. <\/p>\n<p>&#8211; f\u00fcr Wellensittiche, Kanarien und Finken<br \/> &#8211; Kunststoff<br \/> &#8211; zum Einh\u00e4ngen vor die K\u00e4figt\u00fcr<br \/> &#8211; Farbe: transparent<br \/> &#8211; Gr\u00f6\u00dfe: ca. 13,5 x 15 x 15 cm (BxHxT)<\/p>\n","protected":false},"excerpt":{"rendered":"<p>Das Badehaus wird von au\u00dfen in die K\u00e4figt\u00fcr geh\u00e4ngt. Man kann dem Vogel das Badehaus immer oder nur zeitweise zur Verf\u00fcgung stellen. &#8211; f\u00fcr Wellensittiche, Kanarien und Finken &#8211; Kunststoff &#8211; zum Einh\u00e4ngen vor die K\u00e4figt\u00fcr &#8211; Farbe: transparent &#8211; Gr\u00f6\u00dfe: ca. 13,5 x 15 x 15 cm (BxHxT)<\/p>\n","protected":false},"featured_media":26788,"comment_status":"closed","ping_status":"open","template":"","meta":[],"product_cat":[13950],"product_tag":[],"class_list":{"0":"post-46020","1":"product","2":"type-product","3":"status-publish","4":"has-post-thumbnail","6":"product_cat-badehaeuser","8":"first","9":"instock","10":"taxable","11":"shipping-taxable","12":"purchasable","13":"product-type-simple"},"_links":{"self":[{"href":"https:\/\/all-pets.de\/shop\/wp-json\/wp\/v2\/product\/46020","targetHints":{"allow":["GET"]}}],"collection":[{"href":"https:\/\/all-pets.de\/shop\/wp-json\/wp\/v2\/product"}],"about":[{"href":"https:\/\/all-pets.de\/shop\/wp-json\/wp\/v2\/types\/product"}],"replies":[{"embeddable":true,"href":"https:\/\/all-pets.de\/shop\/wp-json\/wp\/v2\/comments?post=46020"}],"wp:featuredmedia":[{"embeddable":true,"href":"https:\/\/all-pets.de\/shop\/wp-json\/wp\/v2\/media\/26788"}],"wp:attachment":[{"href":"https:\/\/all-pets.de\/shop\/wp-json\/wp\/v2\/media?parent=46020"}],"wp:term":[{"taxonomy":"product_cat","embeddable":true,"href":"https:\/\/all-pets.de\/shop\/wp-json\/wp\/v2\/product_cat?post=46020"},{"taxonomy":"product_tag","embeddable":true,"href":"https:\/\/all-pets.de\/shop\/wp-json\/wp\/v2\/product_tag?post=46020"}],"curies":[{"name":"wp","href":"https:\/\/api.w.org\/{rel}","templated":true}]}}