{"id":46021,"date":"2023-12-12T10:50:38","date_gmt":"2023-12-12T09:50:38","guid":{"rendered":"https:\/\/pet-shopping.de\/shop\/produkt\/trixie-papageienbadehaus\/"},"modified":"2023-12-12T10:50:41","modified_gmt":"2023-12-12T09:50:41","slug":"trixie-papageienbadehaus","status":"publish","type":"product","link":"https:\/\/all-pets.de\/shop\/produkt\/trixie-papageienbadehaus\/","title":{"rendered":"Trixie Papageienbadehaus"},"content":{"rendered":"<div class=\"mb-3 row\">\n<div class=\"col\">\n<div class=\"description\">\n<ul>\n<li>zum Einh\u00e4ngen vor die K\u00e4figt\u00fcr<\/li>\n<li>optimale T\u00fcr\u00f6ffnung: 15 \u00d7 21 cm<\/li>\n<li>mit verstellbaren Haken<\/li>\n<li>Oberteil: Rauchglas-Optik<\/li>\n<li>Wanne: diverse Farben<\/li>\n<li>Kunststoff<\/li>\n<li>Au\u00dfenma\u00dfe: ca. 16 \u00d7 22 \u00d7 26 cm<\/li>\n<li>H\u00f6he der Wanne: ca. 7 cm  <\/li>\n<\/ul>\n<\/div>\n<\/div>\n<\/div>\n<p>Diverse Farben. Eine Farbwahl ist leider nicht m\u00f6glich, da die Farbe je nach Lagerbestand gew\u00e4hlt wird. <\/p>\n","protected":false},"excerpt":{"rendered":"<p>zum Einh\u00e4ngen vor die K\u00e4figt\u00fcr optimale T\u00fcr\u00f6ffnung: 15 \u00d7 21 cm mit verstellbaren Haken Oberteil: Rauchglas-Optik Wanne: diverse Farben Kunststoff Au\u00dfenma\u00dfe: ca. 16 \u00d7 22 \u00d7 26 cm H\u00f6he der Wanne: ca. 7 cm Diverse Farben. Eine Farbwahl ist leider nicht m\u00f6glich, da die Farbe je nach Lagerbestand gew\u00e4hlt wird.<\/p>\n","protected":false},"featured_media":46022,"comment_status":"closed","ping_status":"open","template":"","meta":[],"product_cat":[13950],"product_tag":[],"class_list":{"0":"post-46021","1":"product","2":"type-product","3":"status-publish","4":"has-post-thumbnail","6":"product_cat-badehaeuser","8":"first","9":"instock","10":"taxable","11":"shipping-taxable","12":"purchasable","13":"product-type-simple"},"_links":{"self":[{"href":"https:\/\/all-pets.de\/shop\/wp-json\/wp\/v2\/product\/46021","targetHints":{"allow":["GET"]}}],"collection":[{"href":"https:\/\/all-pets.de\/shop\/wp-json\/wp\/v2\/product"}],"about":[{"href":"https:\/\/all-pets.de\/shop\/wp-json\/wp\/v2\/types\/product"}],"replies":[{"embeddable":true,"href":"https:\/\/all-pets.de\/shop\/wp-json\/wp\/v2\/comments?post=46021"}],"wp:featuredmedia":[{"embeddable":true,"href":"https:\/\/all-pets.de\/shop\/wp-json\/wp\/v2\/media\/46022"}],"wp:attachment":[{"href":"https:\/\/all-pets.de\/shop\/wp-json\/wp\/v2\/media?parent=46021"}],"wp:term":[{"taxonomy":"product_cat","embeddable":true,"href":"https:\/\/all-pets.de\/shop\/wp-json\/wp\/v2\/product_cat?post=46021"},{"taxonomy":"product_tag","embeddable":true,"href":"https:\/\/all-pets.de\/shop\/wp-json\/wp\/v2\/product_tag?post=46021"}],"curies":[{"name":"wp","href":"https:\/\/api.w.org\/{rel}","templated":true}]}}