{"id":46082,"date":"2023-12-12T10:50:52","date_gmt":"2023-12-12T09:50:52","guid":{"rendered":"https:\/\/pet-shopping.de\/shop\/produkt\/trixie-grasnest-klein-ca-9-cm\/"},"modified":"2023-12-12T10:50:52","modified_gmt":"2023-12-12T09:50:52","slug":"trixie-grasnest-klein-ca-9-cm","status":"publish","type":"product","link":"https:\/\/all-pets.de\/shop\/produkt\/trixie-grasnest-klein-ca-9-cm\/","title":{"rendered":"Trixie Grasnest klein &#8211; ca. 9 cm"},"content":{"rendered":"<p>Das Grasnest f\u00fcr Kleinnager besteht zu 100% aus Naturmaterialien und hat einen Durchmesser von ca. 9 cm. Der ideale R\u00fcckzugsort f\u00fcr Hamster, M\u00e4use und \u00e4hnlich gro\u00dfe Tiere.<\/p>\n","protected":false},"excerpt":{"rendered":"<p>Das Grasnest f\u00fcr Kleinnager besteht zu 100% aus Naturmaterialien und hat einen Durchmesser von ca. 9 cm. Der ideale R\u00fcckzugsort f\u00fcr Hamster, M\u00e4use und \u00e4hnlich gro\u00dfe Tiere.<\/p>\n","protected":false},"featured_media":27011,"comment_status":"closed","ping_status":"open","template":"","meta":[],"product_cat":[14285],"product_tag":[],"class_list":{"0":"post-46082","1":"product","2":"type-product","3":"status-publish","4":"has-post-thumbnail","6":"product_cat-grasnester-grashaeuser","8":"first","9":"instock","10":"taxable","11":"shipping-taxable","12":"purchasable","13":"product-type-simple"},"_links":{"self":[{"href":"https:\/\/all-pets.de\/shop\/wp-json\/wp\/v2\/product\/46082","targetHints":{"allow":["GET"]}}],"collection":[{"href":"https:\/\/all-pets.de\/shop\/wp-json\/wp\/v2\/product"}],"about":[{"href":"https:\/\/all-pets.de\/shop\/wp-json\/wp\/v2\/types\/product"}],"replies":[{"embeddable":true,"href":"https:\/\/all-pets.de\/shop\/wp-json\/wp\/v2\/comments?post=46082"}],"wp:featuredmedia":[{"embeddable":true,"href":"https:\/\/all-pets.de\/shop\/wp-json\/wp\/v2\/media\/27011"}],"wp:attachment":[{"href":"https:\/\/all-pets.de\/shop\/wp-json\/wp\/v2\/media?parent=46082"}],"wp:term":[{"taxonomy":"product_cat","embeddable":true,"href":"https:\/\/all-pets.de\/shop\/wp-json\/wp\/v2\/product_cat?post=46082"},{"taxonomy":"product_tag","embeddable":true,"href":"https:\/\/all-pets.de\/shop\/wp-json\/wp\/v2\/product_tag?post=46082"}],"curies":[{"name":"wp","href":"https:\/\/api.w.org\/{rel}","templated":true}]}}