{"id":46085,"date":"2023-12-12T10:50:52","date_gmt":"2023-12-12T09:50:52","guid":{"rendered":"https:\/\/pet-shopping.de\/shop\/produkt\/trixie-grashaus-fuer-kleintiere-ca-28-x-18-x-13cm\/"},"modified":"2023-12-12T10:50:52","modified_gmt":"2023-12-12T09:50:52","slug":"trixie-grashaus-fuer-kleintiere-ca-28-x-18-x-13cm","status":"publish","type":"product","link":"https:\/\/all-pets.de\/shop\/produkt\/trixie-grashaus-fuer-kleintiere-ca-28-x-18-x-13cm\/","title":{"rendered":"Trixie Grashaus f\u00fcr Kleintiere &#8211; ca. 28 x 18 x 13cm"},"content":{"rendered":"<p>Grasnester sind f\u00fcr Nager eine tolle Alternative oder Erg\u00e4nzung zum H\u00e4uschen. Sie bestehen zu 100% aus Naturmaterialien und k\u00f6nnen somit sowohl als Unterschlupf genutzt, als auch ohne Bedenken angeknabbert werden.<\/p>\n<p>Dieses Grasnest hat eine Gr\u00f6\u00dfe von ca. 28 x 18 x 13 cm (LxBxH) und besitzt zwei Eingangsl\u00f6cher mit einem Durchmesser von ca. 7 cm. Es eignet sich z.B. f\u00fcr Degus, Meerschweinchen und \u00e4hnlich gro\u00dfe Tiere.<\/p>\n<p> Da es sich um ein reines Naturprodukt handelt, kann die Gr\u00f6\u00dfe entsprechend variieren!<\/p>\n","protected":false},"excerpt":{"rendered":"<p>Grasnester sind f\u00fcr Nager eine tolle Alternative oder Erg\u00e4nzung zum H\u00e4uschen. Sie bestehen zu 100% aus Naturmaterialien und k\u00f6nnen somit sowohl als Unterschlupf genutzt, als auch ohne Bedenken angeknabbert werden. Dieses Grasnest hat eine Gr\u00f6\u00dfe von ca. 28 x 18 x 13 cm (LxBxH) und besitzt zwei Eingangsl\u00f6cher mit einem Durchmesser von ca. 7 cm. [&hellip;]<\/p>\n","protected":false},"featured_media":27019,"comment_status":"closed","ping_status":"open","template":"","meta":[],"product_cat":[14285],"product_tag":[],"class_list":{"0":"post-46085","1":"product","2":"type-product","3":"status-publish","4":"has-post-thumbnail","6":"product_cat-grasnester-grashaeuser","8":"first","9":"instock","10":"taxable","11":"shipping-taxable","12":"purchasable","13":"product-type-simple"},"_links":{"self":[{"href":"https:\/\/all-pets.de\/shop\/wp-json\/wp\/v2\/product\/46085","targetHints":{"allow":["GET"]}}],"collection":[{"href":"https:\/\/all-pets.de\/shop\/wp-json\/wp\/v2\/product"}],"about":[{"href":"https:\/\/all-pets.de\/shop\/wp-json\/wp\/v2\/types\/product"}],"replies":[{"embeddable":true,"href":"https:\/\/all-pets.de\/shop\/wp-json\/wp\/v2\/comments?post=46085"}],"wp:featuredmedia":[{"embeddable":true,"href":"https:\/\/all-pets.de\/shop\/wp-json\/wp\/v2\/media\/27019"}],"wp:attachment":[{"href":"https:\/\/all-pets.de\/shop\/wp-json\/wp\/v2\/media?parent=46085"}],"wp:term":[{"taxonomy":"product_cat","embeddable":true,"href":"https:\/\/all-pets.de\/shop\/wp-json\/wp\/v2\/product_cat?post=46085"},{"taxonomy":"product_tag","embeddable":true,"href":"https:\/\/all-pets.de\/shop\/wp-json\/wp\/v2\/product_tag?post=46085"}],"curies":[{"name":"wp","href":"https:\/\/api.w.org\/{rel}","templated":true}]}}