{"id":46115,"date":"2023-12-12T10:50:56","date_gmt":"2023-12-12T09:50:56","guid":{"rendered":"https:\/\/pet-shopping.de\/shop\/produkt\/trixie-blockhaus-tilde-mit-kuschelbett\/"},"modified":"2023-12-12T10:50:57","modified_gmt":"2023-12-12T09:50:57","slug":"trixie-blockhaus-tilde-mit-kuschelbett","status":"publish","type":"product","link":"https:\/\/all-pets.de\/shop\/produkt\/trixie-blockhaus-tilde-mit-kuschelbett\/","title":{"rendered":"Trixie Blockhaus Tilde mit Kuschelbett"},"content":{"rendered":"<p>Die Besonderheit am Nagerhaus Tilde ist der extra weiche Kuschelplatz auf dem Dach des Hauses, der selbstverst\u00e4ndlich herausnehmbar ist und per Handw\u00e4sche bis 30\u00b0C gereinigt werden kann. Das Kuschelbett ist aus Lammfellimitat mit stabiler Nylonunterseite.<\/p>\n<p> Das Haus eignet sich z.B. f\u00fcr Meerschweinchen, Kaninchen und \u00e4hnlich gro\u00dfe Tiere.<\/p>\n<p>Au\u00dfenma\u00dfe: ca. 39,5 x 20 x 28,5 cm (BxHxT)<br \/> Ma\u00dfe des Bettchens: ca. 33 x 26 cm (BxT)<br \/> Ma\u00dfe Eingang: ca. 11,5 x 14 cm (BxH)<\/p>\n<p>Die Farbe des Bettchens kann leicht von der Abbildung abweichen.<\/p>\n","protected":false},"excerpt":{"rendered":"<p>Die Besonderheit am Nagerhaus Tilde ist der extra weiche Kuschelplatz auf dem Dach des Hauses, der selbstverst\u00e4ndlich herausnehmbar ist und per Handw\u00e4sche bis 30\u00b0C gereinigt werden kann. Das Kuschelbett ist aus Lammfellimitat mit stabiler Nylonunterseite. Das Haus eignet sich z.B. f\u00fcr Meerschweinchen, Kaninchen und \u00e4hnlich gro\u00dfe Tiere. Au\u00dfenma\u00dfe: ca. 39,5 x 20 x 28,5 cm [&hellip;]<\/p>\n","protected":false},"featured_media":27100,"comment_status":"closed","ping_status":"open","template":"","meta":[],"product_cat":[14296],"product_tag":[],"class_list":{"0":"post-46115","1":"product","2":"type-product","3":"status-publish","4":"has-post-thumbnail","6":"product_cat-betten-haengematten-ausstattung-zubehoer-holzhaeuserkleintierwelt","8":"first","9":"instock","10":"taxable","11":"shipping-taxable","12":"purchasable","13":"product-type-simple"},"_links":{"self":[{"href":"https:\/\/all-pets.de\/shop\/wp-json\/wp\/v2\/product\/46115","targetHints":{"allow":["GET"]}}],"collection":[{"href":"https:\/\/all-pets.de\/shop\/wp-json\/wp\/v2\/product"}],"about":[{"href":"https:\/\/all-pets.de\/shop\/wp-json\/wp\/v2\/types\/product"}],"replies":[{"embeddable":true,"href":"https:\/\/all-pets.de\/shop\/wp-json\/wp\/v2\/comments?post=46115"}],"wp:featuredmedia":[{"embeddable":true,"href":"https:\/\/all-pets.de\/shop\/wp-json\/wp\/v2\/media\/27100"}],"wp:attachment":[{"href":"https:\/\/all-pets.de\/shop\/wp-json\/wp\/v2\/media?parent=46115"}],"wp:term":[{"taxonomy":"product_cat","embeddable":true,"href":"https:\/\/all-pets.de\/shop\/wp-json\/wp\/v2\/product_cat?post=46115"},{"taxonomy":"product_tag","embeddable":true,"href":"https:\/\/all-pets.de\/shop\/wp-json\/wp\/v2\/product_tag?post=46115"}],"curies":[{"name":"wp","href":"https:\/\/api.w.org\/{rel}","templated":true}]}}