{"id":46117,"date":"2023-12-12T10:50:56","date_gmt":"2023-12-12T09:50:56","guid":{"rendered":"https:\/\/pet-shopping.de\/shop\/produkt\/trixie-kleintiertreppe-ca-38-x-23-cm\/"},"modified":"2023-12-12T10:50:57","modified_gmt":"2023-12-12T09:50:57","slug":"trixie-kleintiertreppe-ca-38-x-23-cm","status":"publish","type":"product","link":"https:\/\/all-pets.de\/shop\/produkt\/trixie-kleintiertreppe-ca-38-x-23-cm\/","title":{"rendered":"Trixie Kleintiertreppe &#8211; ca. 38 x 23 cm"},"content":{"rendered":"<p>Diese Treppe ist eine super Erg\u00e4nzung, zur K\u00e4fig- oder Volierenausstattung. Sie bietet nicht nur die M\u00f6glichkeit zum Klettern und mehr Bodenfl\u00e4che f\u00fcr Ihr Tier, sondern eignet sich auch ideal zum Erreichen h\u00f6herer Ebenen im Nagerheim. Schon komplett montiert, ist die Treppe sofort einsatzbereit und eignet sich f\u00fcr Ratten, Degus, Kaninchen und auch f\u00fcr kleinere Nager. Die einzelnen Stufen der Treppe k\u00f6nnen beliebig gedreht und somit variabel eingesetzt werden.<\/p>\n<p>Gesamtma\u00dfe: ca. 38 x 23 cm (LxH)\u00a0 <br \/> Breite der einzelnen Stufen: ca. 12 cm<\/p>\n","protected":false},"excerpt":{"rendered":"<p>Diese Treppe ist eine super Erg\u00e4nzung, zur K\u00e4fig- oder Volierenausstattung. Sie bietet nicht nur die M\u00f6glichkeit zum Klettern und mehr Bodenfl\u00e4che f\u00fcr Ihr Tier, sondern eignet sich auch ideal zum Erreichen h\u00f6herer Ebenen im Nagerheim. Schon komplett montiert, ist die Treppe sofort einsatzbereit und eignet sich f\u00fcr Ratten, Degus, Kaninchen und auch f\u00fcr kleinere Nager. [&hellip;]<\/p>\n","protected":false},"featured_media":27106,"comment_status":"closed","ping_status":"open","template":"","meta":[],"product_cat":[13768],"product_tag":[],"class_list":{"0":"post-46117","1":"product","2":"type-product","3":"status-publish","4":"has-post-thumbnail","6":"product_cat-spiel-sport-ausstattung-zubehoer-tunnel-hoehlen-brueckenkleintierwelt","8":"first","9":"instock","10":"taxable","11":"shipping-taxable","12":"purchasable","13":"product-type-simple"},"_links":{"self":[{"href":"https:\/\/all-pets.de\/shop\/wp-json\/wp\/v2\/product\/46117","targetHints":{"allow":["GET"]}}],"collection":[{"href":"https:\/\/all-pets.de\/shop\/wp-json\/wp\/v2\/product"}],"about":[{"href":"https:\/\/all-pets.de\/shop\/wp-json\/wp\/v2\/types\/product"}],"replies":[{"embeddable":true,"href":"https:\/\/all-pets.de\/shop\/wp-json\/wp\/v2\/comments?post=46117"}],"wp:featuredmedia":[{"embeddable":true,"href":"https:\/\/all-pets.de\/shop\/wp-json\/wp\/v2\/media\/27106"}],"wp:attachment":[{"href":"https:\/\/all-pets.de\/shop\/wp-json\/wp\/v2\/media?parent=46117"}],"wp:term":[{"taxonomy":"product_cat","embeddable":true,"href":"https:\/\/all-pets.de\/shop\/wp-json\/wp\/v2\/product_cat?post=46117"},{"taxonomy":"product_tag","embeddable":true,"href":"https:\/\/all-pets.de\/shop\/wp-json\/wp\/v2\/product_tag?post=46117"}],"curies":[{"name":"wp","href":"https:\/\/api.w.org\/{rel}","templated":true}]}}