{"id":46123,"date":"2023-12-12T10:50:58","date_gmt":"2023-12-12T09:50:58","guid":{"rendered":"https:\/\/pet-shopping.de\/shop\/produkt\/trixie-unterstand-mit-treppe\/"},"modified":"2023-12-12T10:50:58","modified_gmt":"2023-12-12T09:50:58","slug":"trixie-unterstand-mit-treppe","status":"publish","type":"product","link":"https:\/\/all-pets.de\/shop\/produkt\/trixie-unterstand-mit-treppe\/","title":{"rendered":"Trixie Unterstand mit Treppe"},"content":{"rendered":"<p>Dieser Unterstand ist eine super Erg\u00e4nzung, um Ihrem Tier eine artgerechte Haltung zu bieten. Gerade Meerschweinchen brauchen ausreichend R\u00fcckzugsm\u00f6glichkeiten, um sich besonders in Schrecksituationen schnell wieder sicher zu f\u00fchlen. Daf\u00fcr ist ein solcher Unterstand ideal. Selbstverst\u00e4ndlich eignet sich der Unterstand auch f\u00fcr kleinere Kaninchen und andere Tiere.<\/p>\n<p>Einfacher Aufbau: Die Beine werden einfach in die vormontierten Gewinde eingeschraubt.<\/p>\n<p>Gesamtma\u00dfe: ca. 37 x 17 x 28 cm (BxHxT)<\/p>\n","protected":false},"excerpt":{"rendered":"<p>Dieser Unterstand ist eine super Erg\u00e4nzung, um Ihrem Tier eine artgerechte Haltung zu bieten. Gerade Meerschweinchen brauchen ausreichend R\u00fcckzugsm\u00f6glichkeiten, um sich besonders in Schrecksituationen schnell wieder sicher zu f\u00fchlen. Daf\u00fcr ist ein solcher Unterstand ideal. Selbstverst\u00e4ndlich eignet sich der Unterstand auch f\u00fcr kleinere Kaninchen und andere Tiere. Einfacher Aufbau: Die Beine werden einfach in die [&hellip;]<\/p>\n","protected":false},"featured_media":27124,"comment_status":"closed","ping_status":"open","template":"","meta":[],"product_cat":[14284],"product_tag":[],"class_list":{"0":"post-46123","1":"product","2":"type-product","3":"status-publish","4":"has-post-thumbnail","6":"product_cat-tunnel-hoehlen-bruecken-ausstattung-zubehoer-kleintierwelt","8":"first","9":"instock","10":"taxable","11":"shipping-taxable","12":"purchasable","13":"product-type-simple"},"_links":{"self":[{"href":"https:\/\/all-pets.de\/shop\/wp-json\/wp\/v2\/product\/46123","targetHints":{"allow":["GET"]}}],"collection":[{"href":"https:\/\/all-pets.de\/shop\/wp-json\/wp\/v2\/product"}],"about":[{"href":"https:\/\/all-pets.de\/shop\/wp-json\/wp\/v2\/types\/product"}],"replies":[{"embeddable":true,"href":"https:\/\/all-pets.de\/shop\/wp-json\/wp\/v2\/comments?post=46123"}],"wp:featuredmedia":[{"embeddable":true,"href":"https:\/\/all-pets.de\/shop\/wp-json\/wp\/v2\/media\/27124"}],"wp:attachment":[{"href":"https:\/\/all-pets.de\/shop\/wp-json\/wp\/v2\/media?parent=46123"}],"wp:term":[{"taxonomy":"product_cat","embeddable":true,"href":"https:\/\/all-pets.de\/shop\/wp-json\/wp\/v2\/product_cat?post=46123"},{"taxonomy":"product_tag","embeddable":true,"href":"https:\/\/all-pets.de\/shop\/wp-json\/wp\/v2\/product_tag?post=46123"}],"curies":[{"name":"wp","href":"https:\/\/api.w.org\/{rel}","templated":true}]}}