{"id":46162,"date":"2023-12-12T10:51:04","date_gmt":"2023-12-12T09:51:04","guid":{"rendered":"https:\/\/pet-shopping.de\/shop\/produkt\/kerbl-kletterwand-matterhorn-6-teilig\/"},"modified":"2023-12-12T10:51:06","modified_gmt":"2023-12-12T09:51:06","slug":"kerbl-kletterwand-matterhorn-6-teilig","status":"publish","type":"product","link":"https:\/\/all-pets.de\/shop\/produkt\/kerbl-kletterwand-matterhorn-6-teilig\/","title":{"rendered":"Kerbl Kletterwand Matterhorn 6-teilig"},"content":{"rendered":"<div class=\"col-xl\">\n<div id=\"BodyContentPlaceHolder_BodyContentPlaceHolder_ctl00_ProductDescriptionCtrl\" class=\"item-desc has-mb\">\n<div class=\"smlMain\">\n<p class=\"smlP\">\u2022 zum Befestigen an der Wand<\/p>\n<p class=\"smlP\">\u2022 bestehend aus 6 Teilen<\/p>\n<p class=\"smlP\">\u2022 2 Sisals\u00e4ulen 15 cm, \u00f8 9,5 cm<\/p>\n<p class=\"smlP\">\u2022 1 Trittbrett 29,5 x 22,5 cm<\/p>\n<p class=\"smlP\">\u2022 1 H\u00e4ngebr\u00fccke 85 cm x 20 cm<\/p>\n<p class=\"smlP\">\u2022 1 gepolstertes Liegebrett 40,5 x 31 cm<\/p>\n<p class=\"smlP\">\u2022 1 Sisals\u00e4ule 29 cm, \u00f8 8 cm mit Pl\u00fcschspielball<\/p>\n<p class=\"smlP\">\u2022 belastbar bis 10 kg<\/p>\n<p class=\"smlP\">\u2022 Sisal an der S\u00e4ule verklebt<\/p>\n<\/div>\n<div class=\"smlMain\">\n<p class=\"smlP\">Die mehrteiligen Kletterwand-Systeme bieten Ihren Katzen gen\u00fcgend Frei- und Spielraum auch in beengten R\u00e4umen oder Wohnungen.<\/p>\n<p class=\"smlP\">Vom 5-teiligen Einsteigerset bis hin zur kompletten Wandl\u00f6sung mit 9 Teilen wird man jedem Katzenwunsch gerecht und bietet den Vierbeinern ein Kletterparadies in den eigenen 4 W\u00e4nden. Alle Sets werden mit dem n\u00f6tigen Wandmontagematerial und einer Aufbauanleitung geliefert.<\/p>\n<\/div>\n<\/div>\n<\/div>\n","protected":false},"excerpt":{"rendered":"<p>\u2022 zum Befestigen an der Wand \u2022 bestehend aus 6 Teilen \u2022 2 Sisals\u00e4ulen 15 cm, \u00f8 9,5 cm \u2022 1 Trittbrett 29,5 x 22,5 cm \u2022 1 H\u00e4ngebr\u00fccke 85 cm x 20 cm \u2022 1 gepolstertes Liegebrett 40,5 x 31 cm \u2022 1 Sisals\u00e4ule 29 cm, \u00f8 8 cm mit Pl\u00fcschspielball \u2022 belastbar bis [&hellip;]<\/p>\n","protected":false},"featured_media":18629,"comment_status":"closed","ping_status":"open","template":"","meta":[],"product_cat":[14310],"product_tag":[],"class_list":{"0":"post-46162","1":"product","2":"type-product","3":"status-publish","4":"has-post-thumbnail","6":"product_cat-betten-sofas-katzenbetten-katzenkoerbe","8":"first","9":"instock","10":"taxable","11":"shipping-taxable","12":"purchasable","13":"product-type-simple"},"_links":{"self":[{"href":"https:\/\/all-pets.de\/shop\/wp-json\/wp\/v2\/product\/46162","targetHints":{"allow":["GET"]}}],"collection":[{"href":"https:\/\/all-pets.de\/shop\/wp-json\/wp\/v2\/product"}],"about":[{"href":"https:\/\/all-pets.de\/shop\/wp-json\/wp\/v2\/types\/product"}],"replies":[{"embeddable":true,"href":"https:\/\/all-pets.de\/shop\/wp-json\/wp\/v2\/comments?post=46162"}],"wp:featuredmedia":[{"embeddable":true,"href":"https:\/\/all-pets.de\/shop\/wp-json\/wp\/v2\/media\/18629"}],"wp:attachment":[{"href":"https:\/\/all-pets.de\/shop\/wp-json\/wp\/v2\/media?parent=46162"}],"wp:term":[{"taxonomy":"product_cat","embeddable":true,"href":"https:\/\/all-pets.de\/shop\/wp-json\/wp\/v2\/product_cat?post=46162"},{"taxonomy":"product_tag","embeddable":true,"href":"https:\/\/all-pets.de\/shop\/wp-json\/wp\/v2\/product_tag?post=46162"}],"curies":[{"name":"wp","href":"https:\/\/api.w.org\/{rel}","templated":true}]}}