{"id":46168,"date":"2023-12-12T10:51:04","date_gmt":"2023-12-12T09:51:04","guid":{"rendered":"https:\/\/pet-shopping.de\/shop\/produkt\/trixie-dog-activity-solitaer\/"},"modified":"2023-12-12T10:51:06","modified_gmt":"2023-12-12T09:51:06","slug":"trixie-dog-activity-solitaer","status":"publish","type":"product","link":"https:\/\/all-pets.de\/shop\/produkt\/trixie-dog-activity-solitaer\/","title":{"rendered":"Trixie Dog Activity Solit\u00e4r"},"content":{"rendered":"<p>Diese Dog Activity Solit\u00e4r entspricht dem ersten Level (f\u00fcr Einsteiger).\u00a0<\/p>\n<p>Hunde sind sehr intelligente und wissbegierige Tiere. Sie wollen nicht nur k\u00f6rperlich mit Spielen und Training besch\u00e4ftigt und neu herausgefordert werden, sondern auch geistig.<\/p>\n<p>Das Solit\u00e4r Spielzeug besteht aus einer Platte mit 7 Kunststoffkegeln. Diese sind von innen ausgeh\u00f6hlt, haben oben ein kleines Loch zum einfacheren Aufsp\u00fcren der Belohnung und k\u00f6nnen nicht umgeschubst sondern nur angehoben werden.<\/p>\n<p>Unter den Kegeln werden kleine Leckerlis versteckt. Ihr Hund versucht diese durch die L\u00f6cher der Kegel aufzusp\u00fcren. Mit ein bisschen \u00dcbung gelingt es Ihrem Hund, den Kegel mit seiner Schnauze anzuheben und sich seine Belohnung zu erobern.<\/p>\n<p>Das Solit\u00e4r Spielzeug sollte regelm\u00e4\u00dfig gereinigt werden (die Kunststoffkegel sind Sp\u00fclmaschinen geeignet).<\/p>\n<p>\u00a0<\/p>\n<ul>\n<li>durch Anheben der Kegel gelangt der Hund an seine Belohnung<\/li>\n<li>Spielbrett mit 7 Kegeln<\/li>\n<li>Kunststoff<\/li>\n<li>rutschfest durch Gummif\u00fc\u00dfe<\/li>\n<li>inkl. \u00dcbungsheft mit Tipps und Tricks f\u00fcr das optimale Training<\/li>\n<\/ul>\n","protected":false},"excerpt":{"rendered":"<p>Diese Dog Activity Solit\u00e4r entspricht dem ersten Level (f\u00fcr Einsteiger).\u00a0 Hunde sind sehr intelligente und wissbegierige Tiere. Sie wollen nicht nur k\u00f6rperlich mit Spielen und Training besch\u00e4ftigt und neu herausgefordert werden, sondern auch geistig. Das Solit\u00e4r Spielzeug besteht aus einer Platte mit 7 Kunststoffkegeln. Diese sind von innen ausgeh\u00f6hlt, haben oben ein kleines Loch zum [&hellip;]<\/p>\n","protected":false},"featured_media":27265,"comment_status":"closed","ping_status":"open","template":"","meta":[],"product_cat":[13793],"product_tag":[],"class_list":{"0":"post-46168","1":"product","2":"type-product","3":"status-publish","4":"has-post-thumbnail","6":"product_cat-intelligenz","8":"first","9":"instock","10":"taxable","11":"shipping-taxable","12":"purchasable","13":"product-type-simple"},"_links":{"self":[{"href":"https:\/\/all-pets.de\/shop\/wp-json\/wp\/v2\/product\/46168","targetHints":{"allow":["GET"]}}],"collection":[{"href":"https:\/\/all-pets.de\/shop\/wp-json\/wp\/v2\/product"}],"about":[{"href":"https:\/\/all-pets.de\/shop\/wp-json\/wp\/v2\/types\/product"}],"replies":[{"embeddable":true,"href":"https:\/\/all-pets.de\/shop\/wp-json\/wp\/v2\/comments?post=46168"}],"wp:featuredmedia":[{"embeddable":true,"href":"https:\/\/all-pets.de\/shop\/wp-json\/wp\/v2\/media\/27265"}],"wp:attachment":[{"href":"https:\/\/all-pets.de\/shop\/wp-json\/wp\/v2\/media?parent=46168"}],"wp:term":[{"taxonomy":"product_cat","embeddable":true,"href":"https:\/\/all-pets.de\/shop\/wp-json\/wp\/v2\/product_cat?post=46168"},{"taxonomy":"product_tag","embeddable":true,"href":"https:\/\/all-pets.de\/shop\/wp-json\/wp\/v2\/product_tag?post=46168"}],"curies":[{"name":"wp","href":"https:\/\/api.w.org\/{rel}","templated":true}]}}