{"id":46175,"date":"2023-12-12T10:51:04","date_gmt":"2023-12-12T09:51:04","guid":{"rendered":"https:\/\/pet-shopping.de\/shop\/produkt\/trixie-cat-activity-fun-board\/"},"modified":"2023-12-12T10:51:07","modified_gmt":"2023-12-12T09:51:07","slug":"trixie-cat-activity-fun-board","status":"publish","type":"product","link":"https:\/\/all-pets.de\/shop\/produkt\/trixie-cat-activity-fun-board\/","title":{"rendered":"Trixie Cat Activity Fun Board"},"content":{"rendered":"<div>Das &#8222;Cat Activity Fun Board&#8220; wurde von Helena Dbal\u00fd sorgf\u00e4ltig entwickelt und spricht das nat\u00fcrliche Bed\u00fcrfnis der Katze nach k\u00f6rperlicher Besch\u00e4ftigung sowie geistiger Herausforderung an. Es besteht aus f\u00fcnf unterschiedlichen Modulen, von denen jedes die Katze vor eine neue Aufgabe stellt. So schult das &#8222;Fun Board&#8220; die Geschicklichkeit der Katze in unterschiedlichen Bereichen und bietet ihr eine sinnvolle Besch\u00e4ftigung sowie jede Menge Spielspa\u00df.<\/p>\n<p> Durch die unterschiedlichen Spielm\u00f6glichkeiten und Schwierigkeitsgrade ist es auch f\u00fcr \u00e4ltere Tiere und f\u00fcr Katzen, welche krankheitsbedingt in ihrem Bewegungsumfeld eingeschr\u00e4nkt sind, geeignet.<\/p>\n<p> Details:<\/p>\n<p> &#8211; das intelligente Spielzeug f\u00fcr Katzen<br \/> &#8211; auch f\u00fcr \u00e4ltere oder kranke Tiere geeignet<br \/> &#8211; 5 verschiedene Module stellen<br \/> &#8211; unterschiedliche Aufgaben<br \/> &#8211; k\u00f6rperliche Besch\u00e4ftigung und<br \/> &#8211; geistige Auslastung<br \/> &#8211; schult die Geschicklichkeit<br \/> &#8211; Sp\u00fclmaschinen geeignet<br \/> &#8211; Ma\u00dfe: 30 x 40 cm<br \/> &#8211; Farbe: wei\u00df\u00a0 <\/div>\n","protected":false},"excerpt":{"rendered":"<p>Das &#8222;Cat Activity Fun Board&#8220; wurde von Helena Dbal\u00fd sorgf\u00e4ltig entwickelt und spricht das nat\u00fcrliche Bed\u00fcrfnis der Katze nach k\u00f6rperlicher Besch\u00e4ftigung sowie geistiger Herausforderung an. Es besteht aus f\u00fcnf unterschiedlichen Modulen, von denen jedes die Katze vor eine neue Aufgabe stellt. So schult das &#8222;Fun Board&#8220; die Geschicklichkeit der Katze in unterschiedlichen Bereichen und bietet [&hellip;]<\/p>\n","protected":false},"featured_media":27294,"comment_status":"closed","ping_status":"open","template":"","meta":[],"product_cat":[14317],"product_tag":[],"class_list":{"0":"post-46175","1":"product","2":"type-product","3":"status-publish","4":"has-post-thumbnail","6":"product_cat-intelligenz-spielzeug-katzenspielzeug-weitere-spielzeugekatzenwelt","8":"first","9":"instock","10":"taxable","11":"shipping-taxable","12":"purchasable","13":"product-type-simple"},"_links":{"self":[{"href":"https:\/\/all-pets.de\/shop\/wp-json\/wp\/v2\/product\/46175","targetHints":{"allow":["GET"]}}],"collection":[{"href":"https:\/\/all-pets.de\/shop\/wp-json\/wp\/v2\/product"}],"about":[{"href":"https:\/\/all-pets.de\/shop\/wp-json\/wp\/v2\/types\/product"}],"replies":[{"embeddable":true,"href":"https:\/\/all-pets.de\/shop\/wp-json\/wp\/v2\/comments?post=46175"}],"wp:featuredmedia":[{"embeddable":true,"href":"https:\/\/all-pets.de\/shop\/wp-json\/wp\/v2\/media\/27294"}],"wp:attachment":[{"href":"https:\/\/all-pets.de\/shop\/wp-json\/wp\/v2\/media?parent=46175"}],"wp:term":[{"taxonomy":"product_cat","embeddable":true,"href":"https:\/\/all-pets.de\/shop\/wp-json\/wp\/v2\/product_cat?post=46175"},{"taxonomy":"product_tag","embeddable":true,"href":"https:\/\/all-pets.de\/shop\/wp-json\/wp\/v2\/product_tag?post=46175"}],"curies":[{"name":"wp","href":"https:\/\/api.w.org\/{rel}","templated":true}]}}