{"id":46185,"date":"2023-12-12T10:51:10","date_gmt":"2023-12-12T09:51:10","guid":{"rendered":"https:\/\/pet-shopping.de\/shop\/produkt\/trixie-futterstation-fuer-eichhoernchen\/"},"modified":"2023-12-12T10:51:10","modified_gmt":"2023-12-12T09:51:10","slug":"trixie-futterstation-fuer-eichhoernchen","status":"publish","type":"product","link":"https:\/\/all-pets.de\/shop\/produkt\/trixie-futterstation-fuer-eichhoernchen\/","title":{"rendered":"Trixie Futterstation f\u00fcr Eichh\u00f6rnchen"},"content":{"rendered":"<div class=\"itemDescriptions\">\n<ul>\n<li>Kiefernholz, unbehandelt<\/li>\n<li>h\u00e4lt das Futter trocken und sauber<\/li>\n<li>einfach zu Bef\u00fcllen durch aufklappbaren Deckel <\/li>\n<li>zur festen Montage<\/li>\n<\/ul>\n<p>Ma\u00dfe: 20 x 30 x 30 cm<\/p>\n<\/div>\n","protected":false},"excerpt":{"rendered":"<p>Kiefernholz, unbehandelt h\u00e4lt das Futter trocken und sauber einfach zu Bef\u00fcllen durch aufklappbaren Deckel zur festen Montage Ma\u00dfe: 20 x 30 x 30 cm<\/p>\n","protected":false},"featured_media":33697,"comment_status":"closed","ping_status":"open","template":"","meta":[],"product_cat":[14329],"product_tag":[],"class_list":{"0":"post-46185","1":"product","2":"type-product","3":"status-publish","4":"has-post-thumbnail","6":"product_cat-futterhalter-spender-ausstattung-zubehoer-futterhaeuser-nistkaestenkleintierwelt","8":"first","9":"instock","10":"taxable","11":"shipping-taxable","12":"purchasable","13":"product-type-simple"},"_links":{"self":[{"href":"https:\/\/all-pets.de\/shop\/wp-json\/wp\/v2\/product\/46185","targetHints":{"allow":["GET"]}}],"collection":[{"href":"https:\/\/all-pets.de\/shop\/wp-json\/wp\/v2\/product"}],"about":[{"href":"https:\/\/all-pets.de\/shop\/wp-json\/wp\/v2\/types\/product"}],"replies":[{"embeddable":true,"href":"https:\/\/all-pets.de\/shop\/wp-json\/wp\/v2\/comments?post=46185"}],"wp:featuredmedia":[{"embeddable":true,"href":"https:\/\/all-pets.de\/shop\/wp-json\/wp\/v2\/media\/33697"}],"wp:attachment":[{"href":"https:\/\/all-pets.de\/shop\/wp-json\/wp\/v2\/media?parent=46185"}],"wp:term":[{"taxonomy":"product_cat","embeddable":true,"href":"https:\/\/all-pets.de\/shop\/wp-json\/wp\/v2\/product_cat?post=46185"},{"taxonomy":"product_tag","embeddable":true,"href":"https:\/\/all-pets.de\/shop\/wp-json\/wp\/v2\/product_tag?post=46185"}],"curies":[{"name":"wp","href":"https:\/\/api.w.org\/{rel}","templated":true}]}}