{"id":46195,"date":"2023-12-12T10:51:10","date_gmt":"2023-12-12T09:51:10","guid":{"rendered":"https:\/\/pet-shopping.de\/shop\/produkt\/feliway-classic-happy-home-starter-set\/"},"modified":"2023-12-12T10:51:11","modified_gmt":"2023-12-12T09:51:11","slug":"feliway-classic-happy-home-starter-set","status":"publish","type":"product","link":"https:\/\/all-pets.de\/shop\/produkt\/feliway-classic-happy-home-starter-set\/","title":{"rendered":"Feliway Classic Happy Home Starter Set"},"content":{"rendered":"<p><span arial,=\"\" \"\"\"\"=\"\"\"\" helvetica,=\"\"\"\" sans-serif =\"\"\"\" font-size:=\"\"\"\" 12px =\"\"\"\" background-color:=\"\"\"\" #ffffff\"\"=\"\"\"\">FELIWAY ist dem nat\u00fcrlichen Wohlf\u00fchlpheromon der Katze nachempfunden.\u00a0<\/span><\/p>\n<p><span arial,=\"\"\"\" \"\"\"\"=\"\"\"\" helvetica,=\"\"\"\" sans-serif =\"\"\"\" font-size:=\"\"\"\" 12px =\"\"\"\" background-color:=\"\"\"\" #ffffff\"\"=\"\"\"\">Als Verdampfer f\u00fcr die Steckdose f\u00fchrt es zu Wohlbefinden der Samtpfoten auf 50 &#8211; 70m Wohnfl\u00e4che. Der Bereich wird zur Wohlf\u00fchloase, Spannungen im Mehrkatzenhaushalt lassen nach und auch andere stressbedingte Verhaltensweisen, wie z.B. Harnmarkieren, nehmen ab. Vorbeugend angewendet hilft es Katzen, sich schneller an neue Situationen zu gew\u00f6hnen und dabei entspannt zu bleiben.<br \/> Der FELIWAY Verdampfer arbeitet rund um die Uhr und bietet so eine konstante Entspannung und Behaglichkeit zuhause.\u00a0<\/span><\/p>\n<p><span arial,=\"\"\"\" \"\"\"\"=\"\"\"\" helvetica,=\"\"\"\" sans-serif =\"\"\"\" font-size:=\"\"\"\" 12px =\"\"\"\" background-color:=\"\"\"\" #ffffff\"\"=\"\"\"\">Einsatzgebiete:<br \/> &#8211; Beenden des Harnmarkierens <br \/> &#8211; Entspannung im Mehrkatzenhaushalt <br \/> &#8211; Ver\u00e4nderungen in der gewohnten Umgebung<br \/> &#8211; Eingew\u00f6hnung im neuen Zuhause<\/span><\/p>\n<p><span arial,=\"\"\"\" \"\"\"\"=\"\"\"\" helvetica,=\"\"\"\" sans-serif =\"\"\"\" font-size:=\"\"\"\" 12px =\"\"\"\" background-color:=\"\"\"\" #ffffff\"\"=\"\"\"\">Das Wichtigste zum FELIWAY Happy Home Start-Set im \u00dcberblick: <br \/> &#8211; Nicht-medikament\u00f6se Hilfe zum Wohlf\u00fchlen f\u00fcr Katzen\u00a0<br \/> <\/span><span arial,=\"\"\"\" \"\"\"\"=\"\"\"\" helvetica,=\"\"\"\" sans-serif =\"\"\"\" font-size:=\"\"\"\" 12px =\"\"\"\" background-color:=\"\"\"\" #ffffff\"\"=\"\"\"\">&#8211; Reduziert Anzeichen von Stress bei Katzen jeden Alters <br \/> &#8211; Entspannt wissenschaftlich belegt <br \/> &#8211; Von Tier\u00e4rzten empfohlen und entwickelt <br \/> &#8211; Reduziert Harnmarkieren schon nach 1 Monat um 90% (Mills, 2001)\u00a0<\/span><\/p>\n<p><span arial,=\"\"\"\" \"\"\"\"=\"\"\"\" helvetica,=\"\"\"\" sans-serif =\"\"\"\" font-size:=\"\"\"\" 12px =\"\"\"\" background-color:=\"\"\"\" #ffffff\"\"=\"\"\"\">Zusammensetzung:<br \/> Analogon der F3-Fraktion des Katzen-Gesichtspheromons (3,5%), Sonstige Bestandteile q.s. 100g\u00a0<\/span><\/p>\n<p><span arial,=\"\"\"\" \"\"\"\"=\"\"\"\" helvetica,=\"\"\"\" sans-serif =\"\"\"\" font-size:=\"\"\"\" 12px =\"\"\"\" background-color:=\"\"\"\" #ffffff\"\"=\"\"\"\">Anwendung: <br \/> Drehen Sie den Flakon in den Verdampfer und stecken Sie diesen in die Steckdose ein. Lassen Sie den Steckdosen-Verdampfer f\u00fcr die vollen 30 Tage eingesteckt. Der FELIWAY Happy Home Verdampfer sollte in dem Raum eingesteckt werden, in dem sich die Katzen \u00fcberwiegend aufhalten, bzw. Stresssymptome zeigen. <br \/> Jeder Verdampfer deckt eine Wohnfl\u00e4che von 50-70 m ab. Pheromone k\u00f6nnen gemeinsam mit Tierarzneimitteln eingesetzt werden. Sie sind f\u00fcr Katzen jeden Alters geeignet. Der FELIWAY Verdampfer muss kontinuierlich eingesteckt sein. F\u00fcr eine l\u00e4ngere Anwendung ist zus\u00e4tzlich zum 1 Monats-Nachf\u00fcllflakon ein 2 Monats-Nachf\u00fcllflakon als Vorteilsgr\u00f6\u00dfe erh\u00e4ltlich. Das FELIWAY Happy Home Start-Set enth\u00e4lt einen Niedrigtemperaturverdampfer sowie einen 48 ml-Flakon. Ein 48 ml-Flakon reicht bis zu 30 Tage. Die Flakons k\u00f6nnen jeden Monat oder alle zwei Monate durch den Kauf eines FELIWAY Nachf\u00fcllflakons ersetzt werden. Bitte bringen Sie den Verdampfer nicht direkt unterhalb von Regalen, hinter T\u00fcren, Vorh\u00e4ngen oder anderen M\u00f6beln an. <\/p>\n<p>Warnhinweis! Bitte verwenden Sie diesen neuen Steckdosen-Verdampfer nur mit den neuen Nachf\u00fcllflakons. Bei der Verwendung mit den Vorg\u00e4nger-Nachf\u00fcllflakons kann es dazu kommen, dass die Fl\u00fcssigkeit nicht richtig verdampft und die Pheromonkonzentration zu gering ist.<\/span><\/p>\n<p>&#8222;<\/p>\n","protected":false},"excerpt":{"rendered":"<p>FELIWAY ist dem nat\u00fcrlichen Wohlf\u00fchlpheromon der Katze nachempfunden.\u00a0 Als Verdampfer f\u00fcr die Steckdose f\u00fchrt es zu Wohlbefinden der Samtpfoten auf 50 &#8211; 70m Wohnfl\u00e4che. Der Bereich wird zur Wohlf\u00fchloase, Spannungen im Mehrkatzenhaushalt lassen nach und auch andere stressbedingte Verhaltensweisen, wie z.B. Harnmarkieren, nehmen ab. Vorbeugend angewendet hilft es Katzen, sich schneller an neue Situationen zu [&hellip;]<\/p>\n","protected":false},"featured_media":46196,"comment_status":"closed","ping_status":"open","template":"","meta":[],"product_cat":[14336],"product_tag":[],"class_list":{"0":"post-46195","1":"product","2":"type-product","3":"status-publish","4":"has-post-thumbnail","6":"product_cat-feliway","8":"first","9":"instock","10":"taxable","11":"shipping-taxable","12":"purchasable","13":"product-type-simple"},"_links":{"self":[{"href":"https:\/\/all-pets.de\/shop\/wp-json\/wp\/v2\/product\/46195","targetHints":{"allow":["GET"]}}],"collection":[{"href":"https:\/\/all-pets.de\/shop\/wp-json\/wp\/v2\/product"}],"about":[{"href":"https:\/\/all-pets.de\/shop\/wp-json\/wp\/v2\/types\/product"}],"replies":[{"embeddable":true,"href":"https:\/\/all-pets.de\/shop\/wp-json\/wp\/v2\/comments?post=46195"}],"wp:featuredmedia":[{"embeddable":true,"href":"https:\/\/all-pets.de\/shop\/wp-json\/wp\/v2\/media\/46196"}],"wp:attachment":[{"href":"https:\/\/all-pets.de\/shop\/wp-json\/wp\/v2\/media?parent=46195"}],"wp:term":[{"taxonomy":"product_cat","embeddable":true,"href":"https:\/\/all-pets.de\/shop\/wp-json\/wp\/v2\/product_cat?post=46195"},{"taxonomy":"product_tag","embeddable":true,"href":"https:\/\/all-pets.de\/shop\/wp-json\/wp\/v2\/product_tag?post=46195"}],"curies":[{"name":"wp","href":"https:\/\/api.w.org\/{rel}","templated":true}]}}