{"id":46201,"date":"2023-12-12T10:51:10","date_gmt":"2023-12-12T09:51:10","guid":{"rendered":"https:\/\/pet-shopping.de\/shop\/produkt\/trixie-meisenknoedelhalter\/"},"modified":"2023-12-12T10:51:13","modified_gmt":"2023-12-12T09:51:13","slug":"trixie-meisenknoedelhalter","status":"publish","type":"product","link":"https:\/\/all-pets.de\/shop\/produkt\/trixie-meisenknoedelhalter\/","title":{"rendered":"Trixie Meisenkn\u00f6delhalter"},"content":{"rendered":"<div class=\"itemDescriptions\">\n<ul>\n<li>Metall, pulverbeschichtet<\/li>\n<li>zum Aufh\u00e4ngen<\/li>\n<\/ul>\n<p>Ma\u00dfe: 14 \u00d7 19 \u00d7 12 cm<\/p>\n<p>Farbe: Silber<\/p>\n<\/div>\n","protected":false},"excerpt":{"rendered":"<p>Metall, pulverbeschichtet zum Aufh\u00e4ngen Ma\u00dfe: 14 \u00d7 19 \u00d7 12 cm Farbe: Silber<\/p>\n","protected":false},"featured_media":33250,"comment_status":"closed","ping_status":"open","template":"","meta":[],"product_cat":[13813],"product_tag":[],"class_list":{"0":"post-46201","1":"product","2":"type-product","3":"status-publish","4":"has-post-thumbnail","6":"product_cat-futterhaeuser-nistkaesten","8":"first","9":"instock","10":"taxable","11":"shipping-taxable","12":"purchasable","13":"product-type-simple"},"_links":{"self":[{"href":"https:\/\/all-pets.de\/shop\/wp-json\/wp\/v2\/product\/46201","targetHints":{"allow":["GET"]}}],"collection":[{"href":"https:\/\/all-pets.de\/shop\/wp-json\/wp\/v2\/product"}],"about":[{"href":"https:\/\/all-pets.de\/shop\/wp-json\/wp\/v2\/types\/product"}],"replies":[{"embeddable":true,"href":"https:\/\/all-pets.de\/shop\/wp-json\/wp\/v2\/comments?post=46201"}],"wp:featuredmedia":[{"embeddable":true,"href":"https:\/\/all-pets.de\/shop\/wp-json\/wp\/v2\/media\/33250"}],"wp:attachment":[{"href":"https:\/\/all-pets.de\/shop\/wp-json\/wp\/v2\/media?parent=46201"}],"wp:term":[{"taxonomy":"product_cat","embeddable":true,"href":"https:\/\/all-pets.de\/shop\/wp-json\/wp\/v2\/product_cat?post=46201"},{"taxonomy":"product_tag","embeddable":true,"href":"https:\/\/all-pets.de\/shop\/wp-json\/wp\/v2\/product_tag?post=46201"}],"curies":[{"name":"wp","href":"https:\/\/api.w.org\/{rel}","templated":true}]}}