{"id":46220,"date":"2023-12-12T10:51:15","date_gmt":"2023-12-12T09:51:15","guid":{"rendered":"https:\/\/pet-shopping.de\/shop\/produkt\/all-for-paws-shabby-chic-hoehlen-katzenbett\/"},"modified":"2023-12-12T10:51:18","modified_gmt":"2023-12-12T09:51:18","slug":"all-for-paws-shabby-chic-hoehlen-katzenbett","status":"publish","type":"product","link":"https:\/\/all-pets.de\/shop\/produkt\/all-for-paws-shabby-chic-hoehlen-katzenbett\/","title":{"rendered":"All for Paws Shabby Chic H\u00f6hlen-Katzenbett"},"content":{"rendered":"<p>Das runde H\u00f6hlen-Katzenbett mit rosa Bl\u00fcmchenstoff au\u00dfen und kuschelweichem rosa Pl\u00fcsch innen bietet Ihrer Katze eine gem\u00fctliche R\u00fcckzugsm\u00f6glickeit.Der Nylonboden ist an der Unterseite mit kleinen Noppen f\u00fcr bessere Rutschfestigkeit versehen.<\/p>\n<p>H\u00f6he: ca. 30 cm<br \/> Durchmesser: ca. 40 cm<\/p>\n","protected":false},"excerpt":{"rendered":"<p>Das runde H\u00f6hlen-Katzenbett mit rosa Bl\u00fcmchenstoff au\u00dfen und kuschelweichem rosa Pl\u00fcsch innen bietet Ihrer Katze eine gem\u00fctliche R\u00fcckzugsm\u00f6glickeit.Der Nylonboden ist an der Unterseite mit kleinen Noppen f\u00fcr bessere Rutschfestigkeit versehen. H\u00f6he: ca. 30 cm Durchmesser: ca. 40 cm<\/p>\n","protected":false},"featured_media":24163,"comment_status":"closed","ping_status":"open","template":"","meta":[],"product_cat":[14211],"product_tag":[],"class_list":{"0":"post-46220","1":"product","2":"type-product","3":"status-publish","4":"has-post-thumbnail","6":"product_cat-betten-sofas-katzenbetten-katzenkoerbe-katzenkissenkatzenwelt-katzenbetten-katzenkoerbe","8":"first","9":"instock","10":"taxable","11":"shipping-taxable","12":"purchasable","13":"product-type-simple"},"_links":{"self":[{"href":"https:\/\/all-pets.de\/shop\/wp-json\/wp\/v2\/product\/46220","targetHints":{"allow":["GET"]}}],"collection":[{"href":"https:\/\/all-pets.de\/shop\/wp-json\/wp\/v2\/product"}],"about":[{"href":"https:\/\/all-pets.de\/shop\/wp-json\/wp\/v2\/types\/product"}],"replies":[{"embeddable":true,"href":"https:\/\/all-pets.de\/shop\/wp-json\/wp\/v2\/comments?post=46220"}],"wp:featuredmedia":[{"embeddable":true,"href":"https:\/\/all-pets.de\/shop\/wp-json\/wp\/v2\/media\/24163"}],"wp:attachment":[{"href":"https:\/\/all-pets.de\/shop\/wp-json\/wp\/v2\/media?parent=46220"}],"wp:term":[{"taxonomy":"product_cat","embeddable":true,"href":"https:\/\/all-pets.de\/shop\/wp-json\/wp\/v2\/product_cat?post=46220"},{"taxonomy":"product_tag","embeddable":true,"href":"https:\/\/all-pets.de\/shop\/wp-json\/wp\/v2\/product_tag?post=46220"}],"curies":[{"name":"wp","href":"https:\/\/api.w.org\/{rel}","templated":true}]}}