{"id":46248,"date":"2023-12-12T10:51:20","date_gmt":"2023-12-12T09:51:20","guid":{"rendered":"https:\/\/pet-shopping.de\/shop\/produkt\/karlie-flamingo-beidseitiger-pflegekamm-fuer-kleintiere\/"},"modified":"2023-12-12T10:51:22","modified_gmt":"2023-12-12T09:51:22","slug":"karlie-flamingo-beidseitiger-pflegekamm-fuer-kleintiere","status":"publish","type":"product","link":"https:\/\/all-pets.de\/shop\/produkt\/karlie-flamingo-beidseitiger-pflegekamm-fuer-kleintiere\/","title":{"rendered":"Karlie Flamingo Beidseitiger Pflegekamm f\u00fcr Kleintiere"},"content":{"rendered":"<p>Dieser feine Pflegekamm entfernt Staub, Schmutz und lose Haare. Somit bleibt das Fell Ihres Kleintiers gl\u00e4nzend und gesund. <\/p>\n<p>Ma\u00dfe: ca. 12 x 3,5 cm (LxB)<br \/> Farbe: Schwarz-Gr\u00fcn<\/p>\n","protected":false},"excerpt":{"rendered":"<p>Dieser feine Pflegekamm entfernt Staub, Schmutz und lose Haare. Somit bleibt das Fell Ihres Kleintiers gl\u00e4nzend und gesund. Ma\u00dfe: ca. 12 x 3,5 cm (LxB) Farbe: Schwarz-Gr\u00fcn<\/p>\n","protected":false},"featured_media":211,"comment_status":"closed","ping_status":"open","template":"","meta":[],"product_cat":[13706],"product_tag":[],"class_list":{"0":"post-46248","1":"product","2":"type-product","3":"status-publish","4":"has-post-thumbnail","6":"product_cat-fellpflege","8":"first","9":"instock","10":"taxable","11":"shipping-taxable","12":"purchasable","13":"product-type-simple"},"_links":{"self":[{"href":"https:\/\/all-pets.de\/shop\/wp-json\/wp\/v2\/product\/46248","targetHints":{"allow":["GET"]}}],"collection":[{"href":"https:\/\/all-pets.de\/shop\/wp-json\/wp\/v2\/product"}],"about":[{"href":"https:\/\/all-pets.de\/shop\/wp-json\/wp\/v2\/types\/product"}],"replies":[{"embeddable":true,"href":"https:\/\/all-pets.de\/shop\/wp-json\/wp\/v2\/comments?post=46248"}],"wp:featuredmedia":[{"embeddable":true,"href":"https:\/\/all-pets.de\/shop\/wp-json\/wp\/v2\/media\/211"}],"wp:attachment":[{"href":"https:\/\/all-pets.de\/shop\/wp-json\/wp\/v2\/media?parent=46248"}],"wp:term":[{"taxonomy":"product_cat","embeddable":true,"href":"https:\/\/all-pets.de\/shop\/wp-json\/wp\/v2\/product_cat?post=46248"},{"taxonomy":"product_tag","embeddable":true,"href":"https:\/\/all-pets.de\/shop\/wp-json\/wp\/v2\/product_tag?post=46248"}],"curies":[{"name":"wp","href":"https:\/\/api.w.org\/{rel}","templated":true}]}}