{"id":46250,"date":"2023-12-12T10:51:20","date_gmt":"2023-12-12T09:51:20","guid":{"rendered":"https:\/\/pet-shopping.de\/shop\/produkt\/karlie-flamingo-window-lounger-katzenliege\/"},"modified":"2023-12-12T10:51:22","modified_gmt":"2023-12-12T09:51:22","slug":"karlie-flamingo-window-lounger-katzenliege","status":"publish","type":"product","link":"https:\/\/all-pets.de\/shop\/produkt\/karlie-flamingo-window-lounger-katzenliege\/","title":{"rendered":"Karlie Flamingo Window Lounger Katzenliege"},"content":{"rendered":"<p>Bei dem Window Lounger handelt es sich um eine ganz neue Art von Liegeplatz f\u00fcr Ihre Samtpfote. <\/p>\n<p>Der neue Schlafplatz muss nicht kompliziert an Heizk\u00f6rper oder Wand montiert werden, sondern wird einfach mit Hilfe von Saugn\u00e4pfen an der Fensterscheibe befestigt.<\/p>\n<p>Der Window Lounger h\u00e4lt ein Gewicht bis 12 kg (die Fensterscheibe muss zur Montage sauber sein!) und bietet Ihrer Katze einen guten \u00dcberblick nach drinnen und drau\u00dfen.<\/p>\n<p>Die Liegefl\u00e4che kann nur per Hand gereingt werden.<\/p>\n<p>Ma\u00dfe: ca. 51,5 x 31 x 2,5 cm (LxBxH)<br \/> Farbe: Grau<\/p>\n","protected":false},"excerpt":{"rendered":"<p>Bei dem Window Lounger handelt es sich um eine ganz neue Art von Liegeplatz f\u00fcr Ihre Samtpfote. Der neue Schlafplatz muss nicht kompliziert an Heizk\u00f6rper oder Wand montiert werden, sondern wird einfach mit Hilfe von Saugn\u00e4pfen an der Fensterscheibe befestigt. Der Window Lounger h\u00e4lt ein Gewicht bis 12 kg (die Fensterscheibe muss zur Montage sauber [&hellip;]<\/p>\n","protected":false},"featured_media":199,"comment_status":"closed","ping_status":"open","template":"","meta":[],"product_cat":[14366],"product_tag":[],"class_list":{"0":"post-46250","1":"product","2":"type-product","3":"status-publish","4":"has-post-thumbnail","6":"product_cat-betten-sofas-katzenbetten-katzenkoerbe-heizungsliegenkatzenwelt-katzenbetten-katzenkoerbe-fensterbrettauflagenkatzenwelt-katzenbetten-katzenkoerbe","8":"first","9":"instock","10":"taxable","11":"shipping-taxable","12":"purchasable","13":"product-type-simple"},"_links":{"self":[{"href":"https:\/\/all-pets.de\/shop\/wp-json\/wp\/v2\/product\/46250","targetHints":{"allow":["GET"]}}],"collection":[{"href":"https:\/\/all-pets.de\/shop\/wp-json\/wp\/v2\/product"}],"about":[{"href":"https:\/\/all-pets.de\/shop\/wp-json\/wp\/v2\/types\/product"}],"replies":[{"embeddable":true,"href":"https:\/\/all-pets.de\/shop\/wp-json\/wp\/v2\/comments?post=46250"}],"wp:featuredmedia":[{"embeddable":true,"href":"https:\/\/all-pets.de\/shop\/wp-json\/wp\/v2\/media\/199"}],"wp:attachment":[{"href":"https:\/\/all-pets.de\/shop\/wp-json\/wp\/v2\/media?parent=46250"}],"wp:term":[{"taxonomy":"product_cat","embeddable":true,"href":"https:\/\/all-pets.de\/shop\/wp-json\/wp\/v2\/product_cat?post=46250"},{"taxonomy":"product_tag","embeddable":true,"href":"https:\/\/all-pets.de\/shop\/wp-json\/wp\/v2\/product_tag?post=46250"}],"curies":[{"name":"wp","href":"https:\/\/api.w.org\/{rel}","templated":true}]}}