{"id":46253,"date":"2023-12-12T10:51:24","date_gmt":"2023-12-12T09:51:24","guid":{"rendered":"https:\/\/pet-shopping.de\/shop\/produkt\/karlie-flamingo-intelligenzspielzeug-wooden-brain-train-diana\/"},"modified":"2023-12-12T10:51:24","modified_gmt":"2023-12-12T09:51:24","slug":"karlie-flamingo-intelligenzspielzeug-wooden-brain-train-diana","status":"publish","type":"product","link":"https:\/\/all-pets.de\/shop\/produkt\/karlie-flamingo-intelligenzspielzeug-wooden-brain-train-diana\/","title":{"rendered":"Karlie Flamingo Intelligenzspielzeug Wooden Brain Train Diana"},"content":{"rendered":"<p>Denkspiele f\u00f6rdern die Entwicklung Ihres Hundes. Geschickt verpackte Leckerlis geben dazu die richtige Motivation. <\/p>\n<p>So geben Sie Ihrem Vierbeiner geistige und k\u00f6rperliche Besch\u00e4ftigung. Und das zu jeder Jahreszeit!<\/p>\n<p>Das Wooden Brain Train Diana besteht aus Holz und ist ca. 29 x 24 x 2,5 cm gro\u00df (LxBxH).<\/p>\n","protected":false},"excerpt":{"rendered":"<p>Denkspiele f\u00f6rdern die Entwicklung Ihres Hundes. Geschickt verpackte Leckerlis geben dazu die richtige Motivation. So geben Sie Ihrem Vierbeiner geistige und k\u00f6rperliche Besch\u00e4ftigung. Und das zu jeder Jahreszeit! Das Wooden Brain Train Diana besteht aus Holz und ist ca. 29 x 24 x 2,5 cm gro\u00df (LxBxH).<\/p>\n","protected":false},"featured_media":827,"comment_status":"closed","ping_status":"open","template":"","meta":[],"product_cat":[13793],"product_tag":[],"class_list":{"0":"post-46253","1":"product","2":"type-product","3":"status-publish","4":"has-post-thumbnail","6":"product_cat-intelligenz","8":"first","9":"instock","10":"taxable","11":"shipping-taxable","12":"purchasable","13":"product-type-simple"},"_links":{"self":[{"href":"https:\/\/all-pets.de\/shop\/wp-json\/wp\/v2\/product\/46253","targetHints":{"allow":["GET"]}}],"collection":[{"href":"https:\/\/all-pets.de\/shop\/wp-json\/wp\/v2\/product"}],"about":[{"href":"https:\/\/all-pets.de\/shop\/wp-json\/wp\/v2\/types\/product"}],"replies":[{"embeddable":true,"href":"https:\/\/all-pets.de\/shop\/wp-json\/wp\/v2\/comments?post=46253"}],"wp:featuredmedia":[{"embeddable":true,"href":"https:\/\/all-pets.de\/shop\/wp-json\/wp\/v2\/media\/827"}],"wp:attachment":[{"href":"https:\/\/all-pets.de\/shop\/wp-json\/wp\/v2\/media?parent=46253"}],"wp:term":[{"taxonomy":"product_cat","embeddable":true,"href":"https:\/\/all-pets.de\/shop\/wp-json\/wp\/v2\/product_cat?post=46253"},{"taxonomy":"product_tag","embeddable":true,"href":"https:\/\/all-pets.de\/shop\/wp-json\/wp\/v2\/product_tag?post=46253"}],"curies":[{"name":"wp","href":"https:\/\/api.w.org\/{rel}","templated":true}]}}