{"id":46268,"date":"2023-12-12T10:51:24","date_gmt":"2023-12-12T09:51:24","guid":{"rendered":"https:\/\/pet-shopping.de\/shop\/produkt\/karlie-flamingo-katzenminzebeutel-15-g\/"},"modified":"2023-12-12T10:51:27","modified_gmt":"2023-12-12T09:51:27","slug":"karlie-flamingo-katzenminzebeutel-15-g","status":"publish","type":"product","link":"https:\/\/all-pets.de\/shop\/produkt\/karlie-flamingo-katzenminzebeutel-15-g\/","title":{"rendered":"Karlie Flamingo Katzenminzebeutel &#8211; 15 g"},"content":{"rendered":"<p>Die Katzenminze bringt eine Portion Extra-Spa\u00df in jedes Katzenspiel!<\/p>\n<p>Die Katzenminze kann nach Belieben in Spielzeug oder \u00e4hnliches eingef\u00fcllt werden und weckt sofort den Spieltrieb Ihrer Samtpfote.<\/p>\n<p>Inhalt: 15 g<\/p>\n","protected":false},"excerpt":{"rendered":"<p>Die Katzenminze bringt eine Portion Extra-Spa\u00df in jedes Katzenspiel! Die Katzenminze kann nach Belieben in Spielzeug oder \u00e4hnliches eingef\u00fcllt werden und weckt sofort den Spieltrieb Ihrer Samtpfote. Inhalt: 15 g<\/p>\n","protected":false},"featured_media":16930,"comment_status":"closed","ping_status":"open","template":"","meta":[],"product_cat":[13702],"product_tag":[],"class_list":{"0":"post-46268","1":"product","2":"type-product","3":"status-publish","4":"has-post-thumbnail","6":"product_cat-catnip-baldrian-spielzeug-katzenspielzeug","8":"first","9":"instock","10":"taxable","11":"shipping-taxable","12":"purchasable","13":"product-type-simple"},"_links":{"self":[{"href":"https:\/\/all-pets.de\/shop\/wp-json\/wp\/v2\/product\/46268","targetHints":{"allow":["GET"]}}],"collection":[{"href":"https:\/\/all-pets.de\/shop\/wp-json\/wp\/v2\/product"}],"about":[{"href":"https:\/\/all-pets.de\/shop\/wp-json\/wp\/v2\/types\/product"}],"replies":[{"embeddable":true,"href":"https:\/\/all-pets.de\/shop\/wp-json\/wp\/v2\/comments?post=46268"}],"wp:featuredmedia":[{"embeddable":true,"href":"https:\/\/all-pets.de\/shop\/wp-json\/wp\/v2\/media\/16930"}],"wp:attachment":[{"href":"https:\/\/all-pets.de\/shop\/wp-json\/wp\/v2\/media?parent=46268"}],"wp:term":[{"taxonomy":"product_cat","embeddable":true,"href":"https:\/\/all-pets.de\/shop\/wp-json\/wp\/v2\/product_cat?post=46268"},{"taxonomy":"product_tag","embeddable":true,"href":"https:\/\/all-pets.de\/shop\/wp-json\/wp\/v2\/product_tag?post=46268"}],"curies":[{"name":"wp","href":"https:\/\/api.w.org\/{rel}","templated":true}]}}