{"id":46277,"date":"2023-12-12T10:51:28","date_gmt":"2023-12-12T09:51:28","guid":{"rendered":"https:\/\/pet-shopping.de\/shop\/produkt\/karlie-flamingo-zupfbuerste-fuer-kleintiere\/"},"modified":"2023-12-12T10:51:29","modified_gmt":"2023-12-12T09:51:29","slug":"karlie-flamingo-zupfbuerste-fuer-kleintiere","status":"publish","type":"product","link":"https:\/\/all-pets.de\/shop\/produkt\/karlie-flamingo-zupfbuerste-fuer-kleintiere\/","title":{"rendered":"Karlie Flamingo Zupfb\u00fcrste f\u00fcr Kleintiere"},"content":{"rendered":"<p>Die Zupfb\u00fcrste von Karlie Flamingo ist mit flexiblen Borsten und einem ergonomisch geformten Anti-Rutsch-Griff ausgestattet und ist somit das ideale Equipment, um bei Ihrem Kleintier f\u00fcr eine optimale Fellpflege zu sorgen.<\/p>\n<p>Die Zupfb\u00fcrste entfernt schonend Staub und Schmutz, sowie lose Haare und Unterwolle.<\/p>\n<p>Gr\u00f6\u00dfe: ca. 12 x 6 x 3,5 cm (LxBxH)<br \/> Gewicht: ca. 29 g<\/p>\n<p>Farbe: gr\u00fcn-schwarz<\/p>\n","protected":false},"excerpt":{"rendered":"<p>Die Zupfb\u00fcrste von Karlie Flamingo ist mit flexiblen Borsten und einem ergonomisch geformten Anti-Rutsch-Griff ausgestattet und ist somit das ideale Equipment, um bei Ihrem Kleintier f\u00fcr eine optimale Fellpflege zu sorgen. Die Zupfb\u00fcrste entfernt schonend Staub und Schmutz, sowie lose Haare und Unterwolle. Gr\u00f6\u00dfe: ca. 12 x 6 x 3,5 cm (LxBxH) Gewicht: ca. 29 [&hellip;]<\/p>\n","protected":false},"featured_media":36374,"comment_status":"closed","ping_status":"open","template":"","meta":[],"product_cat":[13706],"product_tag":[],"class_list":{"0":"post-46277","1":"product","2":"type-product","3":"status-publish","4":"has-post-thumbnail","6":"product_cat-fellpflege","8":"first","9":"instock","10":"taxable","11":"shipping-taxable","12":"purchasable","13":"product-type-simple"},"_links":{"self":[{"href":"https:\/\/all-pets.de\/shop\/wp-json\/wp\/v2\/product\/46277","targetHints":{"allow":["GET"]}}],"collection":[{"href":"https:\/\/all-pets.de\/shop\/wp-json\/wp\/v2\/product"}],"about":[{"href":"https:\/\/all-pets.de\/shop\/wp-json\/wp\/v2\/types\/product"}],"replies":[{"embeddable":true,"href":"https:\/\/all-pets.de\/shop\/wp-json\/wp\/v2\/comments?post=46277"}],"wp:featuredmedia":[{"embeddable":true,"href":"https:\/\/all-pets.de\/shop\/wp-json\/wp\/v2\/media\/36374"}],"wp:attachment":[{"href":"https:\/\/all-pets.de\/shop\/wp-json\/wp\/v2\/media?parent=46277"}],"wp:term":[{"taxonomy":"product_cat","embeddable":true,"href":"https:\/\/all-pets.de\/shop\/wp-json\/wp\/v2\/product_cat?post=46277"},{"taxonomy":"product_tag","embeddable":true,"href":"https:\/\/all-pets.de\/shop\/wp-json\/wp\/v2\/product_tag?post=46277"}],"curies":[{"name":"wp","href":"https:\/\/api.w.org\/{rel}","templated":true}]}}