{"id":46298,"date":"2023-12-12T10:51:32","date_gmt":"2023-12-12T09:51:32","guid":{"rendered":"https:\/\/pet-shopping.de\/shop\/produkt\/karlie-flamingo-leine-fabuleash-bangle-crystal\/"},"modified":"2023-12-12T10:51:32","modified_gmt":"2023-12-12T09:51:32","slug":"karlie-flamingo-leine-fabuleash-bangle-crystal","status":"publish","type":"product","link":"https:\/\/all-pets.de\/shop\/produkt\/karlie-flamingo-leine-fabuleash-bangle-crystal\/","title":{"rendered":"Karlie Flamingo Leine Fabuleash Bangle Crystal"},"content":{"rendered":"<p>Die Armband-Leine! Sieht aus wie ein modisches Accessiore, ist aber eine stabile Leine! Der Edelstahl-leine ist mit 12mm \/ 6mm brillanten Acryl-Perlen geschm\u00fcckt und ist ein echter Hingucker! <\/p>\n<p>Die Leine besitzt eine Zugkraft von \u00fcber 100 Pfund.<\/p>\n<p>Farbe: Transparent<br \/> L\u00e4nge: ca. 122 cm<\/p>\n","protected":false},"excerpt":{"rendered":"<p>Die Armband-Leine! Sieht aus wie ein modisches Accessiore, ist aber eine stabile Leine! Der Edelstahl-leine ist mit 12mm \/ 6mm brillanten Acryl-Perlen geschm\u00fcckt und ist ein echter Hingucker! Die Leine besitzt eine Zugkraft von \u00fcber 100 Pfund. Farbe: Transparent L\u00e4nge: ca. 122 cm<\/p>\n","protected":false},"featured_media":19730,"comment_status":"closed","ping_status":"open","template":"","meta":[],"product_cat":[14033],"product_tag":[],"class_list":{"0":"post-46298","1":"product","2":"type-product","3":"status-publish","4":"has-post-thumbnail","6":"product_cat-weitere-leinen-leinen","8":"first","9":"instock","10":"taxable","11":"shipping-taxable","12":"purchasable","13":"product-type-simple"},"_links":{"self":[{"href":"https:\/\/all-pets.de\/shop\/wp-json\/wp\/v2\/product\/46298","targetHints":{"allow":["GET"]}}],"collection":[{"href":"https:\/\/all-pets.de\/shop\/wp-json\/wp\/v2\/product"}],"about":[{"href":"https:\/\/all-pets.de\/shop\/wp-json\/wp\/v2\/types\/product"}],"replies":[{"embeddable":true,"href":"https:\/\/all-pets.de\/shop\/wp-json\/wp\/v2\/comments?post=46298"}],"wp:featuredmedia":[{"embeddable":true,"href":"https:\/\/all-pets.de\/shop\/wp-json\/wp\/v2\/media\/19730"}],"wp:attachment":[{"href":"https:\/\/all-pets.de\/shop\/wp-json\/wp\/v2\/media?parent=46298"}],"wp:term":[{"taxonomy":"product_cat","embeddable":true,"href":"https:\/\/all-pets.de\/shop\/wp-json\/wp\/v2\/product_cat?post=46298"},{"taxonomy":"product_tag","embeddable":true,"href":"https:\/\/all-pets.de\/shop\/wp-json\/wp\/v2\/product_tag?post=46298"}],"curies":[{"name":"wp","href":"https:\/\/api.w.org\/{rel}","templated":true}]}}