{"id":46315,"date":"2023-12-12T10:51:32","date_gmt":"2023-12-12T09:51:32","guid":{"rendered":"https:\/\/pet-shopping.de\/shop\/produkt\/kerbl-spielzeug-set-freetime-5-teilig\/"},"modified":"2023-12-12T10:51:33","modified_gmt":"2023-12-12T09:51:33","slug":"kerbl-spielzeug-set-freetime-5-teilig","status":"publish","type":"product","link":"https:\/\/all-pets.de\/shop\/produkt\/kerbl-spielzeug-set-freetime-5-teilig\/","title":{"rendered":"Kerbl Spielzeug-Set FREETIME &#8211; 5 teilig"},"content":{"rendered":"<div>Da ist f\u00fcr jeden Vierbeiner was dabei! <\/div>\n<div>Praktisch verpackt im transparenten Rucksack &#8211; ideal f\u00fcr unterwegs, sowie f\u00fcr zu Hause! <\/div>\n<div>Spielset bestehend aus:\u00a0 <br \/> \u00b7 Nylonfrisbee<\/div>\n<div>\u00b7 Lammfellb\u00e4r<\/div>\n<div>\u00b7 Jumper am Seil<\/div>\n<div>\u00b7 Zahnknoten<\/div>\n<div>\u00b7 Rucksack<\/div>\n","protected":false},"excerpt":{"rendered":"<p>Da ist f\u00fcr jeden Vierbeiner was dabei! Praktisch verpackt im transparenten Rucksack &#8211; ideal f\u00fcr unterwegs, sowie f\u00fcr zu Hause! Spielset bestehend aus:\u00a0 \u00b7 Nylonfrisbee \u00b7 Lammfellb\u00e4r \u00b7 Jumper am Seil \u00b7 Zahnknoten \u00b7 Rucksack<\/p>\n","protected":false},"featured_media":23097,"comment_status":"closed","ping_status":"open","template":"","meta":[],"product_cat":[14396],"product_tag":[],"class_list":{"0":"post-46315","1":"product","2":"type-product","3":"status-publish","4":"has-post-thumbnail","6":"product_cat-hundewurfspielzeug-hundespielzeug-sport-plueschspielzeughundewelt-hundespielzeug-sport-weitere-spielzeugehundewelt","8":"first","9":"instock","10":"taxable","11":"shipping-taxable","12":"purchasable","13":"product-type-simple"},"_links":{"self":[{"href":"https:\/\/all-pets.de\/shop\/wp-json\/wp\/v2\/product\/46315","targetHints":{"allow":["GET"]}}],"collection":[{"href":"https:\/\/all-pets.de\/shop\/wp-json\/wp\/v2\/product"}],"about":[{"href":"https:\/\/all-pets.de\/shop\/wp-json\/wp\/v2\/types\/product"}],"replies":[{"embeddable":true,"href":"https:\/\/all-pets.de\/shop\/wp-json\/wp\/v2\/comments?post=46315"}],"wp:featuredmedia":[{"embeddable":true,"href":"https:\/\/all-pets.de\/shop\/wp-json\/wp\/v2\/media\/23097"}],"wp:attachment":[{"href":"https:\/\/all-pets.de\/shop\/wp-json\/wp\/v2\/media?parent=46315"}],"wp:term":[{"taxonomy":"product_cat","embeddable":true,"href":"https:\/\/all-pets.de\/shop\/wp-json\/wp\/v2\/product_cat?post=46315"},{"taxonomy":"product_tag","embeddable":true,"href":"https:\/\/all-pets.de\/shop\/wp-json\/wp\/v2\/product_tag?post=46315"}],"curies":[{"name":"wp","href":"https:\/\/api.w.org\/{rel}","templated":true}]}}