{"id":46334,"date":"2023-12-12T10:51:35","date_gmt":"2023-12-12T09:51:35","guid":{"rendered":"https:\/\/pet-shopping.de\/shop\/produkt\/karlie-flamingo-interaktiv-spielzeug-edison\/"},"modified":"2023-12-12T10:51:36","modified_gmt":"2023-12-12T09:51:36","slug":"karlie-flamingo-interaktiv-spielzeug-edison","status":"publish","type":"product","link":"https:\/\/all-pets.de\/shop\/produkt\/karlie-flamingo-interaktiv-spielzeug-edison\/","title":{"rendered":"Karlie Flamingo Interaktiv-Spielzeug Edison"},"content":{"rendered":"<p>Denksport! Viele Hunde haben nicht ausreichend geistige und physische Stimulation, so dass sie sich langweilen und ein gest\u00f6rtes Verhalten aufweisen. Zusammen Spielen ermutigt die Interaktion zwischen Hund und Herrchen und hilft dabei, ein gutes Verh\u00e4ltnis zu f\u00f6rdern.<\/p>\n<p>Das Interaktiv-Spielzeug Edison hat eine Gr\u00f6\u00dfe von ca. 25 x 20 cm.<\/p>\n","protected":false},"excerpt":{"rendered":"<p>Denksport! Viele Hunde haben nicht ausreichend geistige und physische Stimulation, so dass sie sich langweilen und ein gest\u00f6rtes Verhalten aufweisen. Zusammen Spielen ermutigt die Interaktion zwischen Hund und Herrchen und hilft dabei, ein gutes Verh\u00e4ltnis zu f\u00f6rdern. Das Interaktiv-Spielzeug Edison hat eine Gr\u00f6\u00dfe von ca. 25 x 20 cm.<\/p>\n","protected":false},"featured_media":2520,"comment_status":"closed","ping_status":"open","template":"","meta":[],"product_cat":[13793],"product_tag":[],"class_list":{"0":"post-46334","1":"product","2":"type-product","3":"status-publish","4":"has-post-thumbnail","6":"product_cat-intelligenz","8":"first","9":"instock","10":"taxable","11":"shipping-taxable","12":"purchasable","13":"product-type-simple"},"_links":{"self":[{"href":"https:\/\/all-pets.de\/shop\/wp-json\/wp\/v2\/product\/46334","targetHints":{"allow":["GET"]}}],"collection":[{"href":"https:\/\/all-pets.de\/shop\/wp-json\/wp\/v2\/product"}],"about":[{"href":"https:\/\/all-pets.de\/shop\/wp-json\/wp\/v2\/types\/product"}],"replies":[{"embeddable":true,"href":"https:\/\/all-pets.de\/shop\/wp-json\/wp\/v2\/comments?post=46334"}],"wp:featuredmedia":[{"embeddable":true,"href":"https:\/\/all-pets.de\/shop\/wp-json\/wp\/v2\/media\/2520"}],"wp:attachment":[{"href":"https:\/\/all-pets.de\/shop\/wp-json\/wp\/v2\/media?parent=46334"}],"wp:term":[{"taxonomy":"product_cat","embeddable":true,"href":"https:\/\/all-pets.de\/shop\/wp-json\/wp\/v2\/product_cat?post=46334"},{"taxonomy":"product_tag","embeddable":true,"href":"https:\/\/all-pets.de\/shop\/wp-json\/wp\/v2\/product_tag?post=46334"}],"curies":[{"name":"wp","href":"https:\/\/api.w.org\/{rel}","templated":true}]}}