{"id":46425,"date":"2023-12-12T10:51:49","date_gmt":"2023-12-12T09:51:49","guid":{"rendered":"https:\/\/pet-shopping.de\/shop\/produkt\/karlie-smart-cat-activity-box-mit-rasselball\/"},"modified":"2023-12-12T10:51:51","modified_gmt":"2023-12-12T09:51:51","slug":"karlie-smart-cat-activity-box-mit-rasselball","status":"publish","type":"product","link":"https:\/\/all-pets.de\/shop\/produkt\/karlie-smart-cat-activity-box-mit-rasselball\/","title":{"rendered":"Karlie Smart Cat Activity Box mit Rasselball"},"content":{"rendered":"<p>Smart Cat regt aktiv den Seh-, H\u00f6r- und Tastsinn an und ist perfekt, um Ihre Katze zu besch\u00e4ftigen, zu unterhalten und den nat\u00fcrlichen Jagdinstinkt zu befriedigen. <\/p>\n<p> Besonders langlebiges, stabiles und nat\u00fcrliches Holzspielzeug.<\/p>\n<p>Alle Smart Cat Spielzeuge k\u00f6nnen zu verschiedensten Formen miteinander kombiniert werden (Kurve, Gerade und Activity Box). So erlebt Ihre Katze immer neue Herausforderungen. Auf Bild 2 sehen Sie z.B. 2 Activity Boxen miteinander kombiniert, auf Bild 3 wurde eine Activity Box mit einer Kurve kombiniert usw. <\/p>\n<p> Activity Box Ma\u00dfe: 6,5 x 22,5 x 22,5cm<\/p>\n","protected":false},"excerpt":{"rendered":"<p>Smart Cat regt aktiv den Seh-, H\u00f6r- und Tastsinn an und ist perfekt, um Ihre Katze zu besch\u00e4ftigen, zu unterhalten und den nat\u00fcrlichen Jagdinstinkt zu befriedigen. Besonders langlebiges, stabiles und nat\u00fcrliches Holzspielzeug. Alle Smart Cat Spielzeuge k\u00f6nnen zu verschiedensten Formen miteinander kombiniert werden (Kurve, Gerade und Activity Box). So erlebt Ihre Katze immer neue Herausforderungen. [&hellip;]<\/p>\n","protected":false},"featured_media":34328,"comment_status":"closed","ping_status":"open","template":"","meta":[],"product_cat":[14317],"product_tag":[],"class_list":{"0":"post-46425","1":"product","2":"type-product","3":"status-publish","4":"has-post-thumbnail","6":"product_cat-intelligenz-spielzeug-katzenspielzeug-weitere-spielzeugekatzenwelt","8":"first","9":"instock","10":"taxable","11":"shipping-taxable","12":"purchasable","13":"product-type-simple"},"_links":{"self":[{"href":"https:\/\/all-pets.de\/shop\/wp-json\/wp\/v2\/product\/46425","targetHints":{"allow":["GET"]}}],"collection":[{"href":"https:\/\/all-pets.de\/shop\/wp-json\/wp\/v2\/product"}],"about":[{"href":"https:\/\/all-pets.de\/shop\/wp-json\/wp\/v2\/types\/product"}],"replies":[{"embeddable":true,"href":"https:\/\/all-pets.de\/shop\/wp-json\/wp\/v2\/comments?post=46425"}],"wp:featuredmedia":[{"embeddable":true,"href":"https:\/\/all-pets.de\/shop\/wp-json\/wp\/v2\/media\/34328"}],"wp:attachment":[{"href":"https:\/\/all-pets.de\/shop\/wp-json\/wp\/v2\/media?parent=46425"}],"wp:term":[{"taxonomy":"product_cat","embeddable":true,"href":"https:\/\/all-pets.de\/shop\/wp-json\/wp\/v2\/product_cat?post=46425"},{"taxonomy":"product_tag","embeddable":true,"href":"https:\/\/all-pets.de\/shop\/wp-json\/wp\/v2\/product_tag?post=46425"}],"curies":[{"name":"wp","href":"https:\/\/api.w.org\/{rel}","templated":true}]}}