{"id":46449,"date":"2023-12-12T10:51:56","date_gmt":"2023-12-12T09:51:56","guid":{"rendered":"https:\/\/pet-shopping.de\/shop\/produkt\/karlie-autoschondecke-car-safe-easy\/"},"modified":"2023-12-12T10:51:56","modified_gmt":"2023-12-12T09:51:56","slug":"karlie-autoschondecke-car-safe-easy","status":"publish","type":"product","link":"https:\/\/all-pets.de\/shop\/produkt\/karlie-autoschondecke-car-safe-easy\/","title":{"rendered":"Karlie Autoschondecke CAR SAFE EASY"},"content":{"rendered":"<div>Autoschutzdecke sch\u00fctzt Ihre Autopolster optimal vor hartn\u00e4ckigen Hundehaaren, N\u00e4sse und Schmutz.<\/p>\n<p> &#8211; Im Fu\u00dfbereich teilbar durch speziellen Rei\u00dfverschluss, so dass trotz Decke noch eine Person auf der R\u00fcckbank sitzen kann<br \/> &#8211; Leichte Anbringung auf der R\u00fcckbank <br \/> &#8211; Pflegeleicht, einfach abwaschbar<br \/> &#8211; Bei Nichtgebrauch einfach platzsparend zusammenlegbar<br \/> &#8211; Aus strapazierf\u00e4higem Nylonmaterial<br \/> &#8211; Farbe: Schwarz<\/div>\n<div>\u00a0<\/div>\n<div>Gesamtma\u00dfe: 162 x 132 cm\u00a0 <\/div>\n<div>\u00a0<\/div>\n","protected":false},"excerpt":{"rendered":"<p>Autoschutzdecke sch\u00fctzt Ihre Autopolster optimal vor hartn\u00e4ckigen Hundehaaren, N\u00e4sse und Schmutz. &#8211; Im Fu\u00dfbereich teilbar durch speziellen Rei\u00dfverschluss, so dass trotz Decke noch eine Person auf der R\u00fcckbank sitzen kann &#8211; Leichte Anbringung auf der R\u00fcckbank &#8211; Pflegeleicht, einfach abwaschbar &#8211; Bei Nichtgebrauch einfach platzsparend zusammenlegbar &#8211; Aus strapazierf\u00e4higem Nylonmaterial &#8211; Farbe: Schwarz \u00a0 Gesamtma\u00dfe: [&hellip;]<\/p>\n","protected":false},"featured_media":21554,"comment_status":"closed","ping_status":"open","template":"","meta":[],"product_cat":[13691],"product_tag":[],"class_list":{"0":"post-46449","1":"product","2":"type-product","3":"status-publish","4":"has-post-thumbnail","6":"product_cat-autozubehoer","8":"first","9":"instock","10":"taxable","11":"shipping-taxable","12":"purchasable","13":"product-type-simple"},"_links":{"self":[{"href":"https:\/\/all-pets.de\/shop\/wp-json\/wp\/v2\/product\/46449","targetHints":{"allow":["GET"]}}],"collection":[{"href":"https:\/\/all-pets.de\/shop\/wp-json\/wp\/v2\/product"}],"about":[{"href":"https:\/\/all-pets.de\/shop\/wp-json\/wp\/v2\/types\/product"}],"replies":[{"embeddable":true,"href":"https:\/\/all-pets.de\/shop\/wp-json\/wp\/v2\/comments?post=46449"}],"wp:featuredmedia":[{"embeddable":true,"href":"https:\/\/all-pets.de\/shop\/wp-json\/wp\/v2\/media\/21554"}],"wp:attachment":[{"href":"https:\/\/all-pets.de\/shop\/wp-json\/wp\/v2\/media?parent=46449"}],"wp:term":[{"taxonomy":"product_cat","embeddable":true,"href":"https:\/\/all-pets.de\/shop\/wp-json\/wp\/v2\/product_cat?post=46449"},{"taxonomy":"product_tag","embeddable":true,"href":"https:\/\/all-pets.de\/shop\/wp-json\/wp\/v2\/product_tag?post=46449"}],"curies":[{"name":"wp","href":"https:\/\/api.w.org\/{rel}","templated":true}]}}