{"id":46488,"date":"2023-12-12T10:51:59","date_gmt":"2023-12-12T09:51:59","guid":{"rendered":"https:\/\/pet-shopping.de\/shop\/produkt\/natuerlich-pfiffikus-weichfutter-mit-insekten-25kg\/"},"modified":"2023-12-12T10:52:01","modified_gmt":"2023-12-12T09:52:01","slug":"natuerlich-pfiffikus-weichfutter-mit-insekten-25kg","status":"publish","type":"product","link":"https:\/\/all-pets.de\/shop\/produkt\/natuerlich-pfiffikus-weichfutter-mit-insekten-25kg\/","title":{"rendered":"Nat\u00fcrlich Pfiffikus Weichfutter mit Insekten 2,5kg"},"content":{"rendered":"<p>Das nat\u00fcrliche Weichfutter ist mit proteinreichen Insekten verfeinert, die nicht nur \u00e4u\u00dferst schmackhaft f\u00fcr Wildv\u00f6gel sind, sondern auch sehr nahrhaft, energiebringend und gesund. Und das nat\u00fcrlich ganzj\u00e4hrig.<\/p>\n<p> Diese Futtermischung von Nat\u00fcrlich Pfiffikus &#8222;Weichfutter&#8220; ist besonders geeignet f\u00fcr Weichfutterfresser wie z. B. Amsel, Drossel, Rotkehlchen, Zaunk\u00f6nig, Heckenbraunelle, Star u. v. a.<\/p>\n<p>Inhaltsstoffe:<\/p>\n<div role=\"tabpanel\" class=\"tab-pane active\" id=\"prod_short_desc\">\n<div itemprop=\"description\">\n<div role=\"tabpanel\" class=\"tab-pane active\" id=\"prod_short_desc\">\n<div itemprop=\"description\">\n<div role=\"tabpanel\" class=\"tab-pane active\" id=\"prod_short_desc\">\n<div itemprop=\"description\">Getreide, N\u00fcsse, Beeren, 4 % Insekten, \u00d6le und Fette<\/div>\n<\/div>\n<\/div>\n<\/div>\n<\/div>\n<\/div>\n","protected":false},"excerpt":{"rendered":"<p>Das nat\u00fcrliche Weichfutter ist mit proteinreichen Insekten verfeinert, die nicht nur \u00e4u\u00dferst schmackhaft f\u00fcr Wildv\u00f6gel sind, sondern auch sehr nahrhaft, energiebringend und gesund. Und das nat\u00fcrlich ganzj\u00e4hrig. Diese Futtermischung von Nat\u00fcrlich Pfiffikus &#8222;Weichfutter&#8220; ist besonders geeignet f\u00fcr Weichfutterfresser wie z. B. Amsel, Drossel, Rotkehlchen, Zaunk\u00f6nig, Heckenbraunelle, Star u. v. a. Inhaltsstoffe: Getreide, N\u00fcsse, Beeren, 4 [&hellip;]<\/p>\n","protected":false},"featured_media":46489,"comment_status":"closed","ping_status":"open","template":"","meta":[],"product_cat":[14448],"product_tag":[],"class_list":{"0":"post-46488","1":"product","2":"type-product","3":"status-publish","4":"has-post-thumbnail","6":"product_cat-futter-mischungen","8":"first","9":"instock","10":"taxable","11":"shipping-taxable","12":"purchasable","13":"product-type-simple"},"_links":{"self":[{"href":"https:\/\/all-pets.de\/shop\/wp-json\/wp\/v2\/product\/46488","targetHints":{"allow":["GET"]}}],"collection":[{"href":"https:\/\/all-pets.de\/shop\/wp-json\/wp\/v2\/product"}],"about":[{"href":"https:\/\/all-pets.de\/shop\/wp-json\/wp\/v2\/types\/product"}],"replies":[{"embeddable":true,"href":"https:\/\/all-pets.de\/shop\/wp-json\/wp\/v2\/comments?post=46488"}],"wp:featuredmedia":[{"embeddable":true,"href":"https:\/\/all-pets.de\/shop\/wp-json\/wp\/v2\/media\/46489"}],"wp:attachment":[{"href":"https:\/\/all-pets.de\/shop\/wp-json\/wp\/v2\/media?parent=46488"}],"wp:term":[{"taxonomy":"product_cat","embeddable":true,"href":"https:\/\/all-pets.de\/shop\/wp-json\/wp\/v2\/product_cat?post=46488"},{"taxonomy":"product_tag","embeddable":true,"href":"https:\/\/all-pets.de\/shop\/wp-json\/wp\/v2\/product_tag?post=46488"}],"curies":[{"name":"wp","href":"https:\/\/api.w.org\/{rel}","templated":true}]}}