{"id":46496,"date":"2023-12-12T10:52:02","date_gmt":"2023-12-12T09:52:02","guid":{"rendered":"https:\/\/pet-shopping.de\/shop\/produkt\/jr-farm-seidenraupen-40g\/"},"modified":"2023-12-12T10:52:03","modified_gmt":"2023-12-12T09:52:03","slug":"jr-farm-seidenraupen-40g","status":"publish","type":"product","link":"https:\/\/all-pets.de\/shop\/produkt\/jr-farm-seidenraupen-40g\/","title":{"rendered":"JR Farm Seidenraupen 40g"},"content":{"rendered":"<p>Einzelfuttermittel f\u00fcr Ratten, Hamster, M\u00e4use und alle anderen gemischt ern\u00e4hrten Nager.<\/p>\n<p>Die JR FARM Seidenraupen sind die ideale Quelle von hochwertigem, tierischem Eiwei\u00df f\u00fcr alle gemischt ern\u00e4hrten Nager wie Hamster, Ratten oder M\u00e4use. Ganze, getrocknete Seidenraupenpuppen sind nicht nur absolut lecker, sondern auch ein unverzichtbarer Bestandteil des Speiseplans<\/p>\n<p>F\u00fctterungsempfehlung:<\/p>\n<p>Je nach Gr\u00f6\u00dfe des Tieres t\u00e4glich bis zu 1 Teel\u00f6ffel pur oder untergemischt unter das Hauptfuttermittel.<\/p>\n<p>40g<\/p>\n","protected":false},"excerpt":{"rendered":"<p>Einzelfuttermittel f\u00fcr Ratten, Hamster, M\u00e4use und alle anderen gemischt ern\u00e4hrten Nager. Die JR FARM Seidenraupen sind die ideale Quelle von hochwertigem, tierischem Eiwei\u00df f\u00fcr alle gemischt ern\u00e4hrten Nager wie Hamster, Ratten oder M\u00e4use. Ganze, getrocknete Seidenraupenpuppen sind nicht nur absolut lecker, sondern auch ein unverzichtbarer Bestandteil des Speiseplans F\u00fctterungsempfehlung: Je nach Gr\u00f6\u00dfe des Tieres t\u00e4glich [&hellip;]<\/p>\n","protected":false},"featured_media":909,"comment_status":"closed","ping_status":"open","template":"","meta":[],"product_cat":[14455],"product_tag":[],"class_list":{"0":"post-46496","1":"product","2":"type-product","3":"status-publish","4":"has-post-thumbnail","6":"product_cat-ratte-kleintierfutter-snacks-gerbilkleintierwelt-kleintierfutter-snacks-mauskleintierwelt-kleintierfutter-snacks-zwerg-hamsterkleintierwelt-kleintierfutter-snacks-jr-farmkleintierwelt","8":"first","9":"instock","10":"taxable","11":"shipping-taxable","12":"purchasable","13":"product-type-simple"},"_links":{"self":[{"href":"https:\/\/all-pets.de\/shop\/wp-json\/wp\/v2\/product\/46496","targetHints":{"allow":["GET"]}}],"collection":[{"href":"https:\/\/all-pets.de\/shop\/wp-json\/wp\/v2\/product"}],"about":[{"href":"https:\/\/all-pets.de\/shop\/wp-json\/wp\/v2\/types\/product"}],"replies":[{"embeddable":true,"href":"https:\/\/all-pets.de\/shop\/wp-json\/wp\/v2\/comments?post=46496"}],"wp:featuredmedia":[{"embeddable":true,"href":"https:\/\/all-pets.de\/shop\/wp-json\/wp\/v2\/media\/909"}],"wp:attachment":[{"href":"https:\/\/all-pets.de\/shop\/wp-json\/wp\/v2\/media?parent=46496"}],"wp:term":[{"taxonomy":"product_cat","embeddable":true,"href":"https:\/\/all-pets.de\/shop\/wp-json\/wp\/v2\/product_cat?post=46496"},{"taxonomy":"product_tag","embeddable":true,"href":"https:\/\/all-pets.de\/shop\/wp-json\/wp\/v2\/product_tag?post=46496"}],"curies":[{"name":"wp","href":"https:\/\/api.w.org\/{rel}","templated":true}]}}