{"id":46509,"date":"2023-12-12T10:52:02","date_gmt":"2023-12-12T09:52:02","guid":{"rendered":"https:\/\/pet-shopping.de\/shop\/produkt\/karlie-flamingo-latexspielzeug-schiedsrichter\/"},"modified":"2023-12-12T10:52:05","modified_gmt":"2023-12-12T09:52:05","slug":"karlie-flamingo-latexspielzeug-schiedsrichter","status":"publish","type":"product","link":"https:\/\/all-pets.de\/shop\/produkt\/karlie-flamingo-latexspielzeug-schiedsrichter\/","title":{"rendered":"Karlie Flamingo Latexspielzeug Schiedsrichter"},"content":{"rendered":"<p>F\u00fcr alle Fu\u00dfballfans ein Muss!<\/p>\n<p>Der Schiedsrichter aus Latex pfeift f\u00fcr Ihren Hund ein stundenlanges Spielvergn\u00fcgen an. Mit Squeaker.<\/p>\n<p>Gr\u00f6\u00dfe: ca. 19 x 7 x 4 cm<\/p>\n","protected":false},"excerpt":{"rendered":"<p>F\u00fcr alle Fu\u00dfballfans ein Muss! Der Schiedsrichter aus Latex pfeift f\u00fcr Ihren Hund ein stundenlanges Spielvergn\u00fcgen an. Mit Squeaker. Gr\u00f6\u00dfe: ca. 19 x 7 x 4 cm<\/p>\n","protected":false},"featured_media":23751,"comment_status":"closed","ping_status":"open","template":"","meta":[],"product_cat":[13748],"product_tag":[],"class_list":{"0":"post-46509","1":"product","2":"type-product","3":"status-publish","4":"has-post-thumbnail","6":"product_cat-squeeker","8":"first","9":"instock","10":"taxable","11":"shipping-taxable","12":"purchasable","13":"product-type-simple"},"_links":{"self":[{"href":"https:\/\/all-pets.de\/shop\/wp-json\/wp\/v2\/product\/46509","targetHints":{"allow":["GET"]}}],"collection":[{"href":"https:\/\/all-pets.de\/shop\/wp-json\/wp\/v2\/product"}],"about":[{"href":"https:\/\/all-pets.de\/shop\/wp-json\/wp\/v2\/types\/product"}],"replies":[{"embeddable":true,"href":"https:\/\/all-pets.de\/shop\/wp-json\/wp\/v2\/comments?post=46509"}],"wp:featuredmedia":[{"embeddable":true,"href":"https:\/\/all-pets.de\/shop\/wp-json\/wp\/v2\/media\/23751"}],"wp:attachment":[{"href":"https:\/\/all-pets.de\/shop\/wp-json\/wp\/v2\/media?parent=46509"}],"wp:term":[{"taxonomy":"product_cat","embeddable":true,"href":"https:\/\/all-pets.de\/shop\/wp-json\/wp\/v2\/product_cat?post=46509"},{"taxonomy":"product_tag","embeddable":true,"href":"https:\/\/all-pets.de\/shop\/wp-json\/wp\/v2\/product_tag?post=46509"}],"curies":[{"name":"wp","href":"https:\/\/api.w.org\/{rel}","templated":true}]}}