{"id":46604,"date":"2023-12-12T10:52:20","date_gmt":"2023-12-12T09:52:20","guid":{"rendered":"https:\/\/pet-shopping.de\/shop\/produkt\/karlie-kitty-doo-ufo\/"},"modified":"2023-12-12T10:52:21","modified_gmt":"2023-12-12T09:52:21","slug":"karlie-kitty-doo-ufo","status":"publish","type":"product","link":"https:\/\/all-pets.de\/shop\/produkt\/karlie-kitty-doo-ufo\/","title":{"rendered":"Karlie Kitty-Doo Ufo"},"content":{"rendered":"<p>Tolles &#038;quot Ufo&#038;quot -Spielzeug mit lustiger &#038;quot Wipp-Wapp&#038;quot  Funktion. Da reicht schon der kleinste Pfotenstupser f\u00fcr ein spannendes Spielerlebnis. Gl\u00f6ckchen und Federb\u00fcschel animieren zu immer neuen Spielen.<\/p>\n<p>H\u00f6he mit Federn: ca. 20 cm<br \/> Durchmesser: ca. 7 cm<br \/> 1 St\u00fcck<\/p>\n<p><font size='1'>(Eine Farbwahl ist leider nicht m\u00f6glich, da die Farbe je nach Lagerbestand gew\u00e4hlt wird.) \u00a0<\/font> <\/p>\n","protected":false},"excerpt":{"rendered":"<p>Tolles &#038;quot Ufo&#038;quot -Spielzeug mit lustiger &#038;quot Wipp-Wapp&#038;quot Funktion. Da reicht schon der kleinste Pfotenstupser f\u00fcr ein spannendes Spielerlebnis. Gl\u00f6ckchen und Federb\u00fcschel animieren zu immer neuen Spielen. H\u00f6he mit Federn: ca. 20 cm Durchmesser: ca. 7 cm 1 St\u00fcck (Eine Farbwahl ist leider nicht m\u00f6glich, da die Farbe je nach Lagerbestand gew\u00e4hlt wird.) \u00a0<\/p>\n","protected":false},"featured_media":15792,"comment_status":"closed","ping_status":"open","template":"","meta":[],"product_cat":[13825],"product_tag":[],"class_list":{"0":"post-46604","1":"product","2":"type-product","3":"status-publish","4":"has-post-thumbnail","6":"product_cat-weitere-spielzeuge-katzenspielzeug-katzenbaellekatzenwelt","8":"first","9":"instock","10":"taxable","11":"shipping-taxable","12":"purchasable","13":"product-type-simple"},"_links":{"self":[{"href":"https:\/\/all-pets.de\/shop\/wp-json\/wp\/v2\/product\/46604","targetHints":{"allow":["GET"]}}],"collection":[{"href":"https:\/\/all-pets.de\/shop\/wp-json\/wp\/v2\/product"}],"about":[{"href":"https:\/\/all-pets.de\/shop\/wp-json\/wp\/v2\/types\/product"}],"replies":[{"embeddable":true,"href":"https:\/\/all-pets.de\/shop\/wp-json\/wp\/v2\/comments?post=46604"}],"wp:featuredmedia":[{"embeddable":true,"href":"https:\/\/all-pets.de\/shop\/wp-json\/wp\/v2\/media\/15792"}],"wp:attachment":[{"href":"https:\/\/all-pets.de\/shop\/wp-json\/wp\/v2\/media?parent=46604"}],"wp:term":[{"taxonomy":"product_cat","embeddable":true,"href":"https:\/\/all-pets.de\/shop\/wp-json\/wp\/v2\/product_cat?post=46604"},{"taxonomy":"product_tag","embeddable":true,"href":"https:\/\/all-pets.de\/shop\/wp-json\/wp\/v2\/product_tag?post=46604"}],"curies":[{"name":"wp","href":"https:\/\/api.w.org\/{rel}","templated":true}]}}