{"id":46621,"date":"2023-12-12T10:52:24","date_gmt":"2023-12-12T09:52:24","guid":{"rendered":"https:\/\/pet-shopping.de\/shop\/produkt\/trixie-kratzsaeule-soria\/"},"modified":"2023-12-12T10:52:25","modified_gmt":"2023-12-12T09:52:25","slug":"trixie-kratzsaeule-soria","status":"publish","type":"product","link":"https:\/\/all-pets.de\/shop\/produkt\/trixie-kratzsaeule-soria\/","title":{"rendered":"Trixie Kratzs\u00e4ule Soria"},"content":{"rendered":"<p>Katzen m\u00fcssen ihre Krallen abwetzen, damit diese nicht abbrechen oder sogar ausrei\u00dfen. Kratzb\u00e4ume sch\u00fctzen M\u00f6bel und Teppiche vor den nat\u00fcrlichen Kratzgewohnheiten der Katze. Sie sind geeignet f\u00fcr Katzen jeden Alters.<\/p>\n<p>Die Kratzs\u00e4ule Soria besteht aus einer Bodenplatte (45 x 45 cm) und einer eckigen Kratzs\u00e4ule, die von 3 Seiten mit Sisal und von einer Seite mit Pl\u00fcsch bezogen ist. An der Pl\u00fcschseite sind drei \u00d6ffnungen mit zwei quiekenden Spielb\u00e4llen und einem Rasselspielzeug vorhanden, die zu tollen Spielen einladen. <\/p>\n<p>Die S\u00e4ule selbst hat ein Ma\u00df von 15 x 15 cm. Die Gesamth\u00f6he betr\u00e4gt 80 cm.\u00a0 <\/p>\n<p>Farbe: Beige<\/p>\n","protected":false},"excerpt":{"rendered":"<p>Katzen m\u00fcssen ihre Krallen abwetzen, damit diese nicht abbrechen oder sogar ausrei\u00dfen. Kratzb\u00e4ume sch\u00fctzen M\u00f6bel und Teppiche vor den nat\u00fcrlichen Kratzgewohnheiten der Katze. Sie sind geeignet f\u00fcr Katzen jeden Alters. Die Kratzs\u00e4ule Soria besteht aus einer Bodenplatte (45 x 45 cm) und einer eckigen Kratzs\u00e4ule, die von 3 Seiten mit Sisal und von einer Seite [&hellip;]<\/p>\n","protected":false},"featured_media":9252,"comment_status":"closed","ping_status":"open","template":"","meta":[],"product_cat":[13704],"product_tag":[],"class_list":{"0":"post-46621","1":"product","2":"type-product","3":"status-publish","4":"has-post-thumbnail","6":"product_cat-kratzbaeume-moebel-bis-100-cmkatzenwelt","8":"first","9":"instock","10":"taxable","11":"shipping-taxable","12":"purchasable","13":"product-type-simple"},"_links":{"self":[{"href":"https:\/\/all-pets.de\/shop\/wp-json\/wp\/v2\/product\/46621","targetHints":{"allow":["GET"]}}],"collection":[{"href":"https:\/\/all-pets.de\/shop\/wp-json\/wp\/v2\/product"}],"about":[{"href":"https:\/\/all-pets.de\/shop\/wp-json\/wp\/v2\/types\/product"}],"replies":[{"embeddable":true,"href":"https:\/\/all-pets.de\/shop\/wp-json\/wp\/v2\/comments?post=46621"}],"wp:featuredmedia":[{"embeddable":true,"href":"https:\/\/all-pets.de\/shop\/wp-json\/wp\/v2\/media\/9252"}],"wp:attachment":[{"href":"https:\/\/all-pets.de\/shop\/wp-json\/wp\/v2\/media?parent=46621"}],"wp:term":[{"taxonomy":"product_cat","embeddable":true,"href":"https:\/\/all-pets.de\/shop\/wp-json\/wp\/v2\/product_cat?post=46621"},{"taxonomy":"product_tag","embeddable":true,"href":"https:\/\/all-pets.de\/shop\/wp-json\/wp\/v2\/product_tag?post=46621"}],"curies":[{"name":"wp","href":"https:\/\/api.w.org\/{rel}","templated":true}]}}