{"id":46669,"date":"2023-12-12T10:52:34","date_gmt":"2023-12-12T09:52:34","guid":{"rendered":"https:\/\/pet-shopping.de\/shop\/produkt\/trixie-catnip-spielspray-50-ml\/"},"modified":"2023-12-12T10:52:34","modified_gmt":"2023-12-12T09:52:34","slug":"trixie-catnip-spielspray-50-ml","status":"publish","type":"product","link":"https:\/\/all-pets.de\/shop\/produkt\/trixie-catnip-spielspray-50-ml\/","title":{"rendered":"Trixie Catnip-Spielspray &#8211; 50 ml"},"content":{"rendered":"<p>Nat\u00fcrliches Spielvergn\u00fcgen f\u00fcr jede Katze<\/p>\n<p>Catnip-Spielspray ist ein sorgf\u00e4ltig gefilterter Extrakt aus reinen Catnip-Bl\u00e4ttern, auch als Katzenminze bekannt. Das Spray stimuliert das Nervensystem der Katze zu einem spielerischen Verhalten. Das Catnip-Spray ist unversell einsetzbar f\u00fcr Kratzb\u00e4ume, Spielzeug etc. <\/p>\n<p>Inhalt: 50 ml<\/p>\n","protected":false},"excerpt":{"rendered":"<p>Nat\u00fcrliches Spielvergn\u00fcgen f\u00fcr jede Katze Catnip-Spielspray ist ein sorgf\u00e4ltig gefilterter Extrakt aus reinen Catnip-Bl\u00e4ttern, auch als Katzenminze bekannt. Das Spray stimuliert das Nervensystem der Katze zu einem spielerischen Verhalten. Das Catnip-Spray ist unversell einsetzbar f\u00fcr Kratzb\u00e4ume, Spielzeug etc. Inhalt: 50 ml<\/p>\n","protected":false},"featured_media":19249,"comment_status":"closed","ping_status":"open","template":"","meta":[],"product_cat":[13702],"product_tag":[],"class_list":{"0":"post-46669","1":"product","2":"type-product","3":"status-publish","4":"has-post-thumbnail","6":"product_cat-catnip-baldrian-spielzeug-katzenspielzeug","8":"first","9":"instock","10":"taxable","11":"shipping-taxable","12":"purchasable","13":"product-type-simple"},"_links":{"self":[{"href":"https:\/\/all-pets.de\/shop\/wp-json\/wp\/v2\/product\/46669","targetHints":{"allow":["GET"]}}],"collection":[{"href":"https:\/\/all-pets.de\/shop\/wp-json\/wp\/v2\/product"}],"about":[{"href":"https:\/\/all-pets.de\/shop\/wp-json\/wp\/v2\/types\/product"}],"replies":[{"embeddable":true,"href":"https:\/\/all-pets.de\/shop\/wp-json\/wp\/v2\/comments?post=46669"}],"wp:featuredmedia":[{"embeddable":true,"href":"https:\/\/all-pets.de\/shop\/wp-json\/wp\/v2\/media\/19249"}],"wp:attachment":[{"href":"https:\/\/all-pets.de\/shop\/wp-json\/wp\/v2\/media?parent=46669"}],"wp:term":[{"taxonomy":"product_cat","embeddable":true,"href":"https:\/\/all-pets.de\/shop\/wp-json\/wp\/v2\/product_cat?post=46669"},{"taxonomy":"product_tag","embeddable":true,"href":"https:\/\/all-pets.de\/shop\/wp-json\/wp\/v2\/product_tag?post=46669"}],"curies":[{"name":"wp","href":"https:\/\/api.w.org\/{rel}","templated":true}]}}