{"id":46681,"date":"2023-12-12T10:52:34","date_gmt":"2023-12-12T09:52:34","guid":{"rendered":"https:\/\/pet-shopping.de\/shop\/produkt\/trixie-plueschspielzeug-eichhoernchen\/"},"modified":"2023-12-12T10:52:36","modified_gmt":"2023-12-12T09:52:36","slug":"trixie-plueschspielzeug-eichhoernchen","status":"publish","type":"product","link":"https:\/\/all-pets.de\/shop\/produkt\/trixie-plueschspielzeug-eichhoernchen\/","title":{"rendered":"Trixie Pl\u00fcschspielzeug Eichh\u00f6rnchen"},"content":{"rendered":"<p>Das s\u00fc\u00dfe Eichh\u00f6rnchen besteht aus hochwertigem Pl\u00fcsch und ist besonders robust im Vergleich zu den meisten anderen Pl\u00fcschspielzeugen f\u00fcr Hunde.<\/p>\n<p>Gr\u00f6\u00dfe: ca. 24 x 16 cm (LxH)<\/p>\n","protected":false},"excerpt":{"rendered":"<p>Das s\u00fc\u00dfe Eichh\u00f6rnchen besteht aus hochwertigem Pl\u00fcsch und ist besonders robust im Vergleich zu den meisten anderen Pl\u00fcschspielzeugen f\u00fcr Hunde. Gr\u00f6\u00dfe: ca. 24 x 16 cm (LxH)<\/p>\n","protected":false},"featured_media":34459,"comment_status":"closed","ping_status":"open","template":"","meta":[],"product_cat":[13828],"product_tag":[],"class_list":{"0":"post-46681","1":"product","2":"type-product","3":"status-publish","4":"has-post-thumbnail","6":"product_cat-plueschspielzeug-hundespielzeug-sport","8":"first","9":"instock","10":"taxable","11":"shipping-taxable","12":"purchasable","13":"product-type-simple"},"_links":{"self":[{"href":"https:\/\/all-pets.de\/shop\/wp-json\/wp\/v2\/product\/46681","targetHints":{"allow":["GET"]}}],"collection":[{"href":"https:\/\/all-pets.de\/shop\/wp-json\/wp\/v2\/product"}],"about":[{"href":"https:\/\/all-pets.de\/shop\/wp-json\/wp\/v2\/types\/product"}],"replies":[{"embeddable":true,"href":"https:\/\/all-pets.de\/shop\/wp-json\/wp\/v2\/comments?post=46681"}],"wp:featuredmedia":[{"embeddable":true,"href":"https:\/\/all-pets.de\/shop\/wp-json\/wp\/v2\/media\/34459"}],"wp:attachment":[{"href":"https:\/\/all-pets.de\/shop\/wp-json\/wp\/v2\/media?parent=46681"}],"wp:term":[{"taxonomy":"product_cat","embeddable":true,"href":"https:\/\/all-pets.de\/shop\/wp-json\/wp\/v2\/product_cat?post=46681"},{"taxonomy":"product_tag","embeddable":true,"href":"https:\/\/all-pets.de\/shop\/wp-json\/wp\/v2\/product_tag?post=46681"}],"curies":[{"name":"wp","href":"https:\/\/api.w.org\/{rel}","templated":true}]}}