{"id":46698,"date":"2023-12-12T10:52:34","date_gmt":"2023-12-12T09:52:34","guid":{"rendered":"https:\/\/pet-shopping.de\/shop\/produkt\/trixie-flash-sicherheitsband-mit-tasche-16-cm\/"},"modified":"2023-12-12T10:52:39","modified_gmt":"2023-12-12T09:52:39","slug":"trixie-flash-sicherheitsband-mit-tasche-16-cm","status":"publish","type":"product","link":"https:\/\/all-pets.de\/shop\/produkt\/trixie-flash-sicherheitsband-mit-tasche-16-cm\/","title":{"rendered":"Trixie Flash Sicherheitsband mit Tasche &#8211; 16 cm"},"content":{"rendered":"<p>Das Safer Life Flash Sicherheitsband mit Tasche bietet Ihnen gleichzeitig mehr Sicherheit im Dunkeln und Stauraum f\u00fcr Kleinigkeiten.<\/p>\n<p>Es besteht aus strapazierf\u00e4higem Nylon und Mesh-Material und ist an der Front mit einem Leuchtstreifen ausgestattet, bei dem Sie zwischen Blink- und Dauerlicht mit einer Sichtweite von bis zu 500 m w\u00e4hlen k\u00f6nnen. Zus\u00e4tzlich ist der Streifen reflektierend und selbstverst\u00e4ndlich spritzwassergesch\u00fctzt.<\/p>\n<p>Das Sicherheitsband l\u00e4sst sich entweder mit Hilfe des Karabinerhakens oder durch Klettverschluss befestigen z.B. an der Leine befestigen. Es ist mit einer Innentasche mit Rei\u00dfverschluss best\u00fcckt, die sich z.B. f\u00fcr Hundekotbeutel, Geld oder auch ideal f\u00fcr einen MP3-Player genutzt werden kann, da sie mit einem Ausgang entweder f\u00fcr Kopfh\u00f6rer oder zum Heraussziehen von Kotbeuteln best\u00fcckt ist.<\/p>\n<p>Inklusive Batterien f\u00fcr ca. 100 Stunden Blinklicht bzw. ca. 50 Stunden Dauerlicht.<\/p>\n<p>Farbe: Schwarz\/Grau<br \/> Gr\u00f6\u00dfe: ca. 16 cm<\/p>\n","protected":false},"excerpt":{"rendered":"<p>Das Safer Life Flash Sicherheitsband mit Tasche bietet Ihnen gleichzeitig mehr Sicherheit im Dunkeln und Stauraum f\u00fcr Kleinigkeiten. Es besteht aus strapazierf\u00e4higem Nylon und Mesh-Material und ist an der Front mit einem Leuchtstreifen ausgestattet, bei dem Sie zwischen Blink- und Dauerlicht mit einer Sichtweite von bis zu 500 m w\u00e4hlen k\u00f6nnen. Zus\u00e4tzlich ist der Streifen [&hellip;]<\/p>\n","protected":false},"featured_media":19261,"comment_status":"closed","ping_status":"open","template":"","meta":[],"product_cat":[14531],"product_tag":[],"class_list":{"0":"post-46698","1":"product","2":"type-product","3":"status-publish","4":"has-post-thumbnail","6":"product_cat-hundeadressanhaenger-blinker-halsbaender-leinen-reflektierendhundewelt-halsbaender-leinen-sicherheithundewelt","8":"first","9":"instock","10":"taxable","11":"shipping-taxable","12":"purchasable","13":"product-type-simple"},"_links":{"self":[{"href":"https:\/\/all-pets.de\/shop\/wp-json\/wp\/v2\/product\/46698","targetHints":{"allow":["GET"]}}],"collection":[{"href":"https:\/\/all-pets.de\/shop\/wp-json\/wp\/v2\/product"}],"about":[{"href":"https:\/\/all-pets.de\/shop\/wp-json\/wp\/v2\/types\/product"}],"replies":[{"embeddable":true,"href":"https:\/\/all-pets.de\/shop\/wp-json\/wp\/v2\/comments?post=46698"}],"wp:featuredmedia":[{"embeddable":true,"href":"https:\/\/all-pets.de\/shop\/wp-json\/wp\/v2\/media\/19261"}],"wp:attachment":[{"href":"https:\/\/all-pets.de\/shop\/wp-json\/wp\/v2\/media?parent=46698"}],"wp:term":[{"taxonomy":"product_cat","embeddable":true,"href":"https:\/\/all-pets.de\/shop\/wp-json\/wp\/v2\/product_cat?post=46698"},{"taxonomy":"product_tag","embeddable":true,"href":"https:\/\/all-pets.de\/shop\/wp-json\/wp\/v2\/product_tag?post=46698"}],"curies":[{"name":"wp","href":"https:\/\/api.w.org\/{rel}","templated":true}]}}